{"id":1255,"date":"2024-10-05T11:13:28","date_gmt":"2024-10-05T09:13:28","guid":{"rendered":"https:\/\/artheodoc.fr\/?page_id=1255"},"modified":"2025-01-26T17:55:46","modified_gmt":"2025-01-26T16:55:46","slug":"sauvegardes-des-machines-virtuelles-sous-proxmox","status":"publish","type":"page","link":"https:\/\/artheodoc.fr\/index.php\/sauvegardes-des-machines-virtuelles-sous-proxmox\/","title":{"rendered":"Sauvegardes des Machines Virtuelles sous Proxmox"},"content":{"rendered":"\n<figure class=\"wp-block-image size-full\"><img loading=\"lazy\" decoding=\"async\" width=\"301\" height=\"116\" src=\"https:\/\/artheodoc.fr\/wp-content\/uploads\/2024\/10\/Proxmox-VM-Sauvegardes-1.png\" alt=\"\" class=\"wp-image-1256\"\/><\/figure>\n\n\n\n<p><br>Depuis le <strong>centre de donn\u00e9e<\/strong> ==&gt; Noeud <strong>pve<\/strong> (<em>Dans mon cas<\/em>).<\/p>\n\n\n\n<figure class=\"wp-block-image size-full\"><img loading=\"lazy\" decoding=\"async\" width=\"297\" height=\"64\" src=\"https:\/\/artheodoc.fr\/wp-content\/uploads\/2024\/10\/Proxmox-VM-Sauvegardes-2.png\" alt=\"\" class=\"wp-image-1257\"\/><\/figure>\n\n\n\n<p>Dans cet exemple, j\u2019ai s\u00e9lectionn\u00e9 la machine virtuelle <em><strong>124 (Atelier-Serveurs)<\/strong><\/em>.<\/p>\n\n\n\n<p>J\u2019ai arr\u00eat\u00e9 cette machine au pr\u00e9alable.<\/p>\n\n\n\n<figure class=\"wp-block-image size-full\"><img loading=\"lazy\" decoding=\"async\" width=\"372\" height=\"278\" src=\"https:\/\/artheodoc.fr\/wp-content\/uploads\/2024\/10\/Proxmox-VM-Sauvegardes-3.png\" alt=\"\" class=\"wp-image-1258\" srcset=\"https:\/\/artheodoc.fr\/wp-content\/uploads\/2024\/10\/Proxmox-VM-Sauvegardes-3.png 372w, https:\/\/artheodoc.fr\/wp-content\/uploads\/2024\/10\/Proxmox-VM-Sauvegardes-3-300x224.png 300w\" sizes=\"auto, (max-width: 372px) 100vw, 372px\" \/><\/figure>\n\n\n\n<p><br><strong>Sauvegarde<\/strong> ==&gt; [<strong>Sauvegarder maintenant<\/strong>]<\/p>\n\n\n\n<figure class=\"wp-block-image size-full\"><img loading=\"lazy\" decoding=\"async\" width=\"622\" height=\"309\" src=\"https:\/\/artheodoc.fr\/wp-content\/uploads\/2024\/10\/Proxmox-VM-Sauvegardes-4.png\" alt=\"\" class=\"wp-image-1259\" srcset=\"https:\/\/artheodoc.fr\/wp-content\/uploads\/2024\/10\/Proxmox-VM-Sauvegardes-4.png 622w, https:\/\/artheodoc.fr\/wp-content\/uploads\/2024\/10\/Proxmox-VM-Sauvegardes-4-300x149.png 300w\" sizes=\"auto, (max-width: 622px) 100vw, 622px\" \/><\/figure>\n\n\n\n<p>Stockage&nbsp;: J\u2019ai choisi le stockage <strong><em>NAS-NFS<\/em><\/strong> que j\u2019ai cr\u00e9\u00e9 sur un NAS configur\u00e9 avec OpenMediaVault.<\/p>\n\n\n\n<p>Voir l\u2019installation et la configuration de OpenMediaVault&nbsp;:<\/p>\n\n\n\n<p><a href=\"https:\/\/artheodoc.fr\/index.php\/openmediavault\/\" data-type=\"page\" data-id=\"1150\" target=\"_blank\" rel=\"noreferrer noopener\">OpenMediaVault<\/a><\/p>\n\n\n\n<p>Mode&nbsp;: Instantan\u00e9, Suspendre ou Stopper.<\/p>\n\n\n\n<ul class=\"wp-block-list\">\n<li>Instantan\u00e9 \u2013 Cete m\u00e9thode cr\u00e9e un instantan\u00e9 de la vm sans arr\u00eater son fonctionnement.<\/li>\n\n\n\n<li>Suspendre \u2013 La VM met son \u00e9tat en pause. La VM arr\u00eate de fonctionner temporairement.<\/li>\n\n\n\n<li>Stopper \u2013 Cette m\u00e9thode arr\u00eate compl\u00e9tement la VM. La sauvegarde est plus stable<\/li>\n<\/ul>\n\n\n\n<p>Compression&nbsp;: aucun, LZO (rapide), GZIP (bonne), <strong>ZSTD (bonne et rapide)<\/strong>.<\/p>\n\n\n\n<p><br>L\u2019option \u00ab&nbsp;<strong>prot\u00e9g\u00e9<\/strong>&nbsp;\u00bb sert \u00e0 emp\u00eacher la suppression accidentelle. Vous pourrez toujours supprimer le contenu prot\u00e9g\u00e9, mais il vous sera demand\u00e9 de confirmer explicitement votre action.<\/p>\n\n\n\n<p>Notes&nbsp;:<\/p>\n\n\n\n<p><strong>{{cluster}}<\/strong> \u00ab\u00a0<em>mv<\/em>\u00a0\u00bb dans mon cas.<\/p>\n\n\n\n<p><strong>{{guestname}}<\/strong> Nom de ma machine \u00ab\u00a0<em>Atelier Serveurs<\/em>\u00a0\u00bb dans mon cas.<\/p>\n\n\n\n<p><strong>{{node}}<\/strong> Le noeud \u00ab\u00a0<em>pve<\/em>\u00a0\u00bb dans mon cas.<\/p>\n\n\n\n<p><strong>{{vmid}}<\/strong> L&rsquo;ID de ma machine virtuelle \u00ab\u00a0<em>124<\/em>\u00a0\u00bb dans mon cas.<\/p>\n\n\n\n<p>On clique ensuite sur [<strong>Sauvegarde<\/strong>].<\/p>\n\n\n\n<figure class=\"wp-block-image size-full\"><img loading=\"lazy\" decoding=\"async\" width=\"810\" height=\"509\" src=\"https:\/\/artheodoc.fr\/wp-content\/uploads\/2024\/10\/Proxmox-VM-Sauvegardes-5.png\" alt=\"\" class=\"wp-image-1260\" srcset=\"https:\/\/artheodoc.fr\/wp-content\/uploads\/2024\/10\/Proxmox-VM-Sauvegardes-5.png 810w, https:\/\/artheodoc.fr\/wp-content\/uploads\/2024\/10\/Proxmox-VM-Sauvegardes-5-300x189.png 300w, https:\/\/artheodoc.fr\/wp-content\/uploads\/2024\/10\/Proxmox-VM-Sauvegardes-5-768x483.png 768w\" sizes=\"auto, (max-width: 810px) 100vw, 810px\" \/><\/figure>\n\n\n\n<p><br>Quand j\u2019ai le message <strong>TASK OK<\/strong>, ma sauvegarde est termin\u00e9e.<\/p>\n\n\n\n<hr class=\"wp-block-separator has-alpha-channel-opacity is-style-wide\"\/>\n\n\n\n<h2 class=\"wp-block-heading\">Sauvegardes automatiques des serveurs sous Proxmox<\/h2>\n\n\n\n<p>On peut configurer des sauvegardes qui seront ex\u00e9cut\u00e9es automatiquement.<\/p>\n\n\n\n<p><strong>Centre de donn\u00e9es <\/strong>==&gt; <strong>Sauvegardes<\/strong><\/p>\n\n\n\n<p>On peut cr\u00e9er une t\u00e2che de sauvegarde avec <strong>[Ajouter]<\/strong>.<\/p>\n\n\n\n<p>On peut s\u00e9lectionner une t\u00e2che de sauvegarde d\u00e9j\u00e0 existante en cliquant sur <strong>[\u00c9diter]<\/strong>.<\/p>\n\n\n\n<hr class=\"wp-block-separator has-alpha-channel-opacity is-style-wide\"\/>\n\n\n\n<p class=\"has-medium-font-size\">Plus d&rsquo;informations<\/p>\n\n\n\n<p>Configuration du NAS avec OpenMediaVault :<\/p>\n\n\n\n<p><a href=\"https:\/\/artheodoc.fr\/index.php\/openmediavault\/\" target=\"_blank\" rel=\"noreferrer noopener\">OpenMediaVault<\/a><\/p>\n","protected":false},"excerpt":{"rendered":"<p>Depuis le centre de donn\u00e9e ==&gt; Noeud pve (Dans mon cas). Dans cet exemple, j\u2019ai s\u00e9lectionn\u00e9 la machine virtuelle 124 (Atelier-Serveurs). J\u2019ai arr\u00eat\u00e9 cette machine au pr\u00e9alable. Sauvegarde ==&gt; [Sauvegarder maintenant] Stockage&nbsp;: J\u2019ai choisi le stockage NAS-NFS que j\u2019ai cr\u00e9\u00e9 sur un NAS configur\u00e9 avec OpenMediaVault. Voir l\u2019installation et la configuration de OpenMediaVault&nbsp;: OpenMediaVault Mode&nbsp;: [&hellip;]<\/p>\n","protected":false},"author":2,"featured_media":0,"parent":0,"menu_order":0,"comment_status":"closed","ping_status":"closed","template":"","meta":{"site-sidebar-layout":"default","site-content-layout":"","ast-site-content-layout":"default","site-content-style":"default","site-sidebar-style":"default","ast-global-header-display":"","ast-banner-title-visibility":"","ast-main-header-display":"","ast-hfb-above-header-display":"","ast-hfb-below-header-display":"","ast-hfb-mobile-header-display":"","site-post-title":"","ast-breadcrumbs-content":"","ast-featured-img":"","footer-sml-layout":"","ast-disable-related-posts":"","theme-transparent-header-meta":"","adv-header-id-meta":"","stick-header-meta":"","header-above-stick-meta":"","header-main-stick-meta":"","header-below-stick-meta":"","astra-migrate-meta-layouts":"default","ast-page-background-enabled":"default","ast-page-background-meta":{"desktop":{"background-color":"var(--ast-global-color-4)","background-image":"","background-repeat":"repeat","background-position":"center center","background-size":"auto","background-attachment":"scroll","background-type":"","background-media":"","overlay-type":"","overlay-color":"","overlay-opacity":"","overlay-gradient":""},"tablet":{"background-color":"","background-image":"","background-repeat":"repeat","background-position":"center center","background-size":"auto","background-attachment":"scroll","background-type":"","background-media":"","overlay-type":"","overlay-color":"","overlay-opacity":"","overlay-gradient":""},"mobile":{"background-color":"","background-image":"","background-repeat":"repeat","background-position":"center center","background-size":"auto","background-attachment":"scroll","background-type":"","background-media":"","overlay-type":"","overlay-color":"","overlay-opacity":"","overlay-gradient":""}},"ast-content-background-meta":{"desktop":{"background-color":"var(--ast-global-color-5)","background-image":"","background-repeat":"repeat","background-position":"center center","background-size":"auto","background-attachment":"scroll","background-type":"","background-media":"","overlay-type":"","overlay-color":"","overlay-opacity":"","overlay-gradient":""},"tablet":{"background-color":"var(--ast-global-color-5)","background-image":"","background-repeat":"repeat","background-position":"center center","background-size":"auto","background-attachment":"scroll","background-type":"","background-media":"","overlay-type":"","overlay-color":"","overlay-opacity":"","overlay-gradient":""},"mobile":{"background-color":"var(--ast-global-color-5)","background-image":"","background-repeat":"repeat","background-position":"center center","background-size":"auto","background-attachment":"scroll","background-type":"","background-media":"","overlay-type":"","overlay-color":"","overlay-opacity":"","overlay-gradient":""}},"footnotes":""},"class_list":["post-1255","page","type-page","status-publish","hentry"],"_links":{"self":[{"href":"https:\/\/artheodoc.fr\/index.php\/wp-json\/wp\/v2\/pages\/1255","targetHints":{"allow":["GET"]}}],"collection":[{"href":"https:\/\/artheodoc.fr\/index.php\/wp-json\/wp\/v2\/pages"}],"about":[{"href":"https:\/\/artheodoc.fr\/index.php\/wp-json\/wp\/v2\/types\/page"}],"author":[{"embeddable":true,"href":"https:\/\/artheodoc.fr\/index.php\/wp-json\/wp\/v2\/users\/2"}],"replies":[{"embeddable":true,"href":"https:\/\/artheodoc.fr\/index.php\/wp-json\/wp\/v2\/comments?post=1255"}],"version-history":[{"count":7,"href":"https:\/\/artheodoc.fr\/index.php\/wp-json\/wp\/v2\/pages\/1255\/revisions"}],"predecessor-version":[{"id":1821,"href":"https:\/\/artheodoc.fr\/index.php\/wp-json\/wp\/v2\/pages\/1255\/revisions\/1821"}],"wp:attachment":[{"href":"https:\/\/artheodoc.fr\/index.php\/wp-json\/wp\/v2\/media?parent=1255"}],"curies":[{"name":"wp","href":"https:\/\/api.w.org\/{rel}","templated":true}]}}