{"id":154,"date":"2023-11-30T12:21:04","date_gmt":"2023-11-30T11:21:04","guid":{"rendered":"https:\/\/artheodoc.fr\/?page_id=154"},"modified":"2025-12-08T14:51:50","modified_gmt":"2025-12-08T13:51:50","slug":"association-memoire-vive","status":"publish","type":"page","link":"https:\/\/artheodoc.fr\/index.php\/association-memoire-vive\/","title":{"rendered":"Association M\u00e9moire Vive"},"content":{"rendered":"\n<div class=\"wp-block-group is-layout-constrained wp-block-group-is-layout-constrained\">\n<div class=\"wp-block-columns is-layout-flex wp-container-core-columns-is-layout-28f84493 wp-block-columns-is-layout-flex\">\n<div class=\"wp-block-column is-layout-flow wp-block-column-is-layout-flow\">\n<p class=\"has-medium-font-size wp-container-content-432d1f4f\">Je suis animateur pour l\u2019association niortaise M\u00e9moire Vive qui propose des ateliers informatiques qui vont d\u2019un niveau d\u00e9butant \u00e0 utilisateur confirm\u00e9. Au programme, informatique d\u00e9butant, Windows, Linux, Mac, photo\/vid\u00e9o, petits soucis informatiques, cr\u00e9ation de sites WEB, domotique, drone, soir\u00e9es th\u00e9matiques\u2026<\/p>\n\n\n\n<p class=\"has-text-align-left\">Dominique Renaudeau<\/p>\n<\/div>\n\n\n\n<div class=\"wp-block-column is-layout-flow wp-block-column-is-layout-flow\">\n<figure class=\"wp-block-image aligncenter size-full\"><img loading=\"lazy\" decoding=\"async\" width=\"500\" height=\"354\" src=\"https:\/\/artheodoc.fr\/wp-content\/uploads\/2024\/12\/NV-Logo-MV-petit.jpeg\" alt=\"\" class=\"wp-image-1767\" srcset=\"https:\/\/artheodoc.fr\/wp-content\/uploads\/2024\/12\/NV-Logo-MV-petit.jpeg 500w, https:\/\/artheodoc.fr\/wp-content\/uploads\/2024\/12\/NV-Logo-MV-petit-300x212.jpeg 300w\" sizes=\"auto, (max-width: 500px) 100vw, 500px\" \/><\/figure>\n\n\n\n<p class=\"has-text-align-center\"><a href=\"http:\/\/memoirevive79informatique.com\/\" target=\"_blank\" rel=\"noreferrer noopener\">http:\/\/memoirevive79informatique.com\/<\/a><\/p>\n<\/div>\n<\/div>\n<\/div>\n\n\n\n<figure class=\"wp-block-image aligncenter size-full\"><img loading=\"lazy\" decoding=\"async\" width=\"934\" height=\"542\" src=\"https:\/\/artheodoc.fr\/wp-content\/uploads\/2024\/12\/Article_NR_Decembre_2024.png\" alt=\"\" class=\"wp-image-1776\" srcset=\"https:\/\/artheodoc.fr\/wp-content\/uploads\/2024\/12\/Article_NR_Decembre_2024.png 934w, https:\/\/artheodoc.fr\/wp-content\/uploads\/2024\/12\/Article_NR_Decembre_2024-300x174.png 300w, https:\/\/artheodoc.fr\/wp-content\/uploads\/2024\/12\/Article_NR_Decembre_2024-768x446.png 768w\" sizes=\"auto, (max-width: 934px) 100vw, 934px\" \/><\/figure>\n\n\n\n<figure class=\"wp-block-image aligncenter size-full\"><img loading=\"lazy\" decoding=\"async\" width=\"1020\" height=\"573\" src=\"https:\/\/artheodoc.fr\/wp-content\/uploads\/2024\/12\/Memoire_Vive_Decembre_2024.png\" alt=\"\" class=\"wp-image-1777\" srcset=\"https:\/\/artheodoc.fr\/wp-content\/uploads\/2024\/12\/Memoire_Vive_Decembre_2024.png 1020w, https:\/\/artheodoc.fr\/wp-content\/uploads\/2024\/12\/Memoire_Vive_Decembre_2024-300x169.png 300w, https:\/\/artheodoc.fr\/wp-content\/uploads\/2024\/12\/Memoire_Vive_Decembre_2024-768x431.png 768w\" sizes=\"auto, (max-width: 1020px) 100vw, 1020px\" \/><\/figure>\n\n\n\n<hr class=\"wp-block-separator has-alpha-channel-opacity is-style-wide\"\/>\n\n\n\n<p class=\"has-text-align-center has-large-font-size\">Horaires de l&rsquo;association niortaise M\u00e9moire Vive<\/p>\n\n\n\n<figure class=\"wp-block-image aligncenter size-full\"><img loading=\"lazy\" decoding=\"async\" width=\"450\" height=\"800\" src=\"https:\/\/artheodoc.fr\/wp-content\/uploads\/2025\/12\/MV-ateliers-SP-1920-450x800-1.jpg\" alt=\"\" class=\"wp-image-2665\" srcset=\"https:\/\/artheodoc.fr\/wp-content\/uploads\/2025\/12\/MV-ateliers-SP-1920-450x800-1.jpg 450w, https:\/\/artheodoc.fr\/wp-content\/uploads\/2025\/12\/MV-ateliers-SP-1920-450x800-1-169x300.jpg 169w\" sizes=\"auto, (max-width: 450px) 100vw, 450px\" \/><\/figure>\n\n\n\n<hr class=\"wp-block-separator has-alpha-channel-opacity is-style-wide\"\/>\n\n\n\n<p class=\"has-text-align-center has-large-font-size\">Configuration pour l\u2019association M\u00e9moire Vive<\/p>\n\n\n\n<figure class=\"wp-block-image aligncenter size-full\"><img loading=\"lazy\" decoding=\"async\" width=\"751\" height=\"396\" src=\"https:\/\/artheodoc.fr\/wp-content\/uploads\/2023\/12\/Reseau-MV.jpg\" alt=\"\" class=\"wp-image-267\" srcset=\"https:\/\/artheodoc.fr\/wp-content\/uploads\/2023\/12\/Reseau-MV.jpg 751w, https:\/\/artheodoc.fr\/wp-content\/uploads\/2023\/12\/Reseau-MV-300x158.jpg 300w\" sizes=\"auto, (max-width: 751px) 100vw, 751px\" \/><\/figure>\n\n\n\n<ol class=\"wp-block-list\">\n<li><strong>Box internet de M\u00e9moire Vive<\/strong> &#8211; On arrive \u00e0 <a href=\"https:\/\/artheodoc.fr\/index.php\/ip-publique-et-noms-de-domaine\/\" data-type=\"page\" data-id=\"69\" target=\"_blank\" rel=\"noreferrer noopener\">la box<\/a> de M\u00e9moire Vive gr\u00e2ce \u00e0 son IP publique, une r\u00e8gle NAT param\u00e9tr\u00e9e dans la box pour le port 443 (port par d\u00e9faut du HTTPS) nous envoi vers l\u2019IP de la carte r\u00e9seau sur le r\u00e9seau local du pare-feu IPFire virtualis\u00e9 dans le serveur (carte r\u00e9seau red).<\/li>\n\n\n\n<li><strong>Poste client sur internet<\/strong> &#8211; Je me connecte avec mon navigateur WEB au site avec son URL https:\/\/&#8230; Le syst\u00e8me interroge les serveurs DNS (r\u00e9solution de noms) pour obtenir l\u2019IP publique qui correspond (celle de la box de M\u00e9moire Vive). La correspondance IP publique nom de domaine a \u00e9t\u00e9 param\u00e9tr\u00e9e chez FreeDNS.<\/li>\n\n\n\n<li><strong>Pare-feu IPFire<\/strong> &#8211; <a href=\"https:\/\/artheodoc.fr\/index.php\/le-pare-feu-ipfire\/\" data-type=\"page\" data-id=\"126\" target=\"_blank\" rel=\"noreferrer noopener\">Le pare-feu IPFire<\/a> envoi toutes les requ\u00eates \u00e0 destination du port 443 vers le Reverse Proxy Apache virtualis\u00e9 sur le serveur qui se trouve sur le second r\u00e9seau IP (carte r\u00e9seau green).<\/li>\n\n\n\n<li><strong>Reverse Proxy<\/strong> &#8211; Le Reverse Proxy est param\u00e9tr\u00e9 pour envoyer les requ\u00eates \u00e0 destination de l&rsquo;URL du serveur vers l\u2019IP correspondante sur le r\u00e9seau se trouvant derri\u00e8re le pare-feu. Les certificats permettant le HTTPS se trouvent sur le Reverse Proxy Apache.<\/li>\n\n\n\n<li><strong>Serveur<\/strong> &#8211; La requ\u00eate arrive sur le serveur h\u00e9bergeant le site, la page WEB demand\u00e9e est ensuite affich\u00e9e sur le poste client.<\/li>\n<\/ol>\n\n\n\n<hr class=\"wp-block-separator has-alpha-channel-opacity is-style-wide\"\/>\n\n\n\n<p class=\"has-text-align-center has-large-font-size\">Le serveur<\/p>\n\n\n\n<div class=\"wp-block-group has-background is-layout-constrained wp-block-group-is-layout-constrained\" style=\"background-color:#cdd0d5\">\n<h2 class=\"wp-block-heading has-text-align-center has-pale-ocean-gradient-background has-background has-medium-font-size\">Le serveur est un DellPower Edge R710 qui provient des Ateliers du Bocage<\/h2>\n\n\n\n<div class=\"wp-block-media-text is-stacked-on-mobile has-background\" style=\"background-color:#eeeae6\"><figure class=\"wp-block-media-text__media\"><img loading=\"lazy\" decoding=\"async\" width=\"567\" height=\"178\" src=\"https:\/\/artheodoc.fr\/wp-content\/uploads\/2024\/01\/Delll_PowerEdge_R710-removebg.png\" alt=\"\" class=\"wp-image-382 size-full\" srcset=\"https:\/\/artheodoc.fr\/wp-content\/uploads\/2024\/01\/Delll_PowerEdge_R710-removebg.png 567w, https:\/\/artheodoc.fr\/wp-content\/uploads\/2024\/01\/Delll_PowerEdge_R710-removebg-300x94.png 300w\" sizes=\"auto, (max-width: 567px) 100vw, 567px\" \/><\/figure><div class=\"wp-block-media-text__content\">\n<p><\/p>\n\n\n\n<ul class=\"wp-block-list\">\n<li>Processeur 2x Intel Xeon E5540 4 core &#8211; 2,53 Ghz &#8211; L3=8 MB<\/li>\n\n\n\n<li>M\u00e9moire RAM : 56 Go<\/li>\n\n\n\n<li>Disque 6 x 146 Go SAS 15k (RAID 5 = 680 Gb)<\/li>\n\n\n\n<li>8 Ports Ethernet 1 gb\/s + IDRAC management<\/li>\n\n\n\n<li>4 Port USB<\/li>\n\n\n\n<li>Lecteur optique<\/li>\n\n\n\n<li>2 alimentations \u00e9lectriques<\/li>\n<\/ul>\n<\/div><\/div>\n\n\n\n<p><br>Ce serveur est install\u00e9 dans les locaux de l\u2019association niortaise M\u00e9moire Vive, il h\u00e9berge les serveurs de l\u2019association qui sont virtualis\u00e9s sous Proxmox. Sont \u00e9galement virtualis\u00e9s le pare-feu IPFire et le reverse proxy.<\/p>\n<\/div>\n","protected":false},"excerpt":{"rendered":"<p>Je suis animateur pour l\u2019association niortaise M\u00e9moire Vive qui propose des ateliers informatiques qui vont d\u2019un niveau d\u00e9butant \u00e0 utilisateur confirm\u00e9. Au programme, informatique d\u00e9butant, Windows, Linux, Mac, photo\/vid\u00e9o, petits soucis informatiques, cr\u00e9ation de sites WEB, domotique, drone, soir\u00e9es th\u00e9matiques\u2026 Dominique Renaudeau http:\/\/memoirevive79informatique.com\/ Horaires de l&rsquo;association niortaise M\u00e9moire Vive Configuration pour l\u2019association M\u00e9moire Vive Le [&hellip;]<\/p>\n","protected":false},"author":2,"featured_media":0,"parent":0,"menu_order":0,"comment_status":"closed","ping_status":"closed","template":"","meta":{"site-sidebar-layout":"default","site-content-layout":"","ast-site-content-layout":"default","site-content-style":"default","site-sidebar-style":"default","ast-global-header-display":"","ast-banner-title-visibility":"","ast-main-header-display":"","ast-hfb-above-header-display":"","ast-hfb-below-header-display":"","ast-hfb-mobile-header-display":"","site-post-title":"","ast-breadcrumbs-content":"","ast-featured-img":"","footer-sml-layout":"","ast-disable-related-posts":"","theme-transparent-header-meta":"","adv-header-id-meta":"","stick-header-meta":"","header-above-stick-meta":"","header-main-stick-meta":"","header-below-stick-meta":"","astra-migrate-meta-layouts":"default","ast-page-background-enabled":"default","ast-page-background-meta":{"desktop":{"background-color":"var(--ast-global-color-4)","background-image":"","background-repeat":"repeat","background-position":"center center","background-size":"auto","background-attachment":"scroll","background-type":"","background-media":"","overlay-type":"","overlay-color":"","overlay-opacity":"","overlay-gradient":""},"tablet":{"background-color":"","background-image":"","background-repeat":"repeat","background-position":"center center","background-size":"auto","background-attachment":"scroll","background-type":"","background-media":"","overlay-type":"","overlay-color":"","overlay-opacity":"","overlay-gradient":""},"mobile":{"background-color":"","background-image":"","background-repeat":"repeat","background-position":"center center","background-size":"auto","background-attachment":"scroll","background-type":"","background-media":"","overlay-type":"","overlay-color":"","overlay-opacity":"","overlay-gradient":""}},"ast-content-background-meta":{"desktop":{"background-color":"var(--ast-global-color-5)","background-image":"","background-repeat":"repeat","background-position":"center center","background-size":"auto","background-attachment":"scroll","background-type":"","background-media":"","overlay-type":"","overlay-color":"","overlay-opacity":"","overlay-gradient":""},"tablet":{"background-color":"var(--ast-global-color-5)","background-image":"","background-repeat":"repeat","background-position":"center center","background-size":"auto","background-attachment":"scroll","background-type":"","background-media":"","overlay-type":"","overlay-color":"","overlay-opacity":"","overlay-gradient":""},"mobile":{"background-color":"var(--ast-global-color-5)","background-image":"","background-repeat":"repeat","background-position":"center center","background-size":"auto","background-attachment":"scroll","background-type":"","background-media":"","overlay-type":"","overlay-color":"","overlay-opacity":"","overlay-gradient":""}},"footnotes":""},"class_list":["post-154","page","type-page","status-publish","hentry"],"_links":{"self":[{"href":"https:\/\/artheodoc.fr\/index.php\/wp-json\/wp\/v2\/pages\/154","targetHints":{"allow":["GET"]}}],"collection":[{"href":"https:\/\/artheodoc.fr\/index.php\/wp-json\/wp\/v2\/pages"}],"about":[{"href":"https:\/\/artheodoc.fr\/index.php\/wp-json\/wp\/v2\/types\/page"}],"author":[{"embeddable":true,"href":"https:\/\/artheodoc.fr\/index.php\/wp-json\/wp\/v2\/users\/2"}],"replies":[{"embeddable":true,"href":"https:\/\/artheodoc.fr\/index.php\/wp-json\/wp\/v2\/comments?post=154"}],"version-history":[{"count":24,"href":"https:\/\/artheodoc.fr\/index.php\/wp-json\/wp\/v2\/pages\/154\/revisions"}],"predecessor-version":[{"id":2668,"href":"https:\/\/artheodoc.fr\/index.php\/wp-json\/wp\/v2\/pages\/154\/revisions\/2668"}],"wp:attachment":[{"href":"https:\/\/artheodoc.fr\/index.php\/wp-json\/wp\/v2\/media?parent=154"}],"curies":[{"name":"wp","href":"https:\/\/api.w.org\/{rel}","templated":true}]}}