{"id":1543,"date":"2024-11-12T13:07:58","date_gmt":"2024-11-12T12:07:58","guid":{"rendered":"https:\/\/artheodoc.fr\/?page_id=1543"},"modified":"2024-11-14T09:17:36","modified_gmt":"2024-11-14T08:17:36","slug":"creer-un-conteneur-lxc-alpine-linux-avec-proxmox-ve","status":"publish","type":"page","link":"https:\/\/artheodoc.fr\/index.php\/creer-un-conteneur-lxc-alpine-linux-avec-proxmox-ve\/","title":{"rendered":"Cr\u00e9er un conteneur LXC Alpine Linux avec Proxmox VE"},"content":{"rendered":"\n<p class=\"has-pale-ocean-gradient-background has-background\"><em>Voici les \u00e9tapes \u00e0 suivre pour cr\u00e9er un containeur LXC bas\u00e9 sur Alpine Linux sur un hyperviseur Proxmox VE.<\/em><\/p>\n\n\n\n<p><br>Depuis l\u2019interface de gestion de Proxmox VE.<\/p>\n\n\n\n<p class=\"has-medium-font-size\"><strong>T\u00e9l\u00e9chargement du mod\u00e8le<\/strong><\/p>\n\n\n\n<p>Pour t\u00e9l\u00e9charger un mod\u00e8le de conteneur :<\/p>\n\n\n\n<p>Depuis le stockage <em><strong>local(pve)<\/strong><\/em> dans mon cas.<\/p>\n\n\n\n<p><strong>Mod\u00e8les de conteneurs<\/strong> ==&gt; <strong>[Mod\u00e8les]<\/strong> ==&gt; <em><strong>alpine-3.18-default<\/strong><\/em>==&gt; <strong>[T\u00e9l\u00e9charger]<\/strong><\/p>\n\n\n\n<hr class=\"wp-block-separator has-alpha-channel-opacity\"\/>\n\n\n\n<p class=\"has-medium-font-size\"><strong>Installation du conteneur Alpine Linux<\/strong><\/p>\n\n\n\n<p>Cliquez sur <strong>[Cr\u00e9er un conteneur]<\/strong> en haut \u00e0 droite.<\/p>\n\n\n\n<p class=\"has-ast-global-color-1-color has-text-color has-link-color wp-elements-36a641b044d80cf9a5aac1f8ce66afea\"><strong>G\u00e9n\u00e9ral<\/strong><\/p>\n\n\n\n<ul class=\"wp-block-list\">\n<li>Compl\u00e9ter le <strong>\u00ab\u00a0nom d\u2019h\u00f4te\u00a0\u00bb<\/strong> et d\u00e9finir le <strong>mot de passe<\/strong>.<\/li>\n<\/ul>\n\n\n\n<p class=\"has-ast-global-color-1-color has-text-color has-link-color wp-elements-b3bb86f79434af03cd09c21382c56b08\"><strong>Mod\u00e8le<\/strong><\/p>\n\n\n\n<ul class=\"wp-block-list\">\n<li>S\u00e9lectionnez le <strong>\u00ab\u00a0Stockage\u00a0\u00bb<\/strong> et le <strong>\u00ab\u00a0Mod\u00e8le\u00a0\u00bb<\/strong> . (<em><strong>alpine-3.18-default<\/strong><\/em><strong>)<\/strong>.<\/li>\n<\/ul>\n\n\n\n<p class=\"has-ast-global-color-1-color has-text-color has-link-color wp-elements-c763d168000b3e297e05bd80e930e52a\"><strong>Disques<\/strong><\/p>\n\n\n\n<ul class=\"wp-block-list\">\n<li>S\u00e9lectionnez un <strong>stockage<\/strong> et une <strong>taille de disque<\/strong> pour votre conteneur.<\/li>\n<\/ul>\n\n\n\n<p class=\"has-ast-global-color-1-color has-text-color has-link-color wp-elements-1d60166363e82fb7b00b43ec9fb31aaf\"><strong>Processeur<\/strong><\/p>\n\n\n\n<ul class=\"wp-block-list\">\n<li>Nombre de <strong>C\u0153urs<\/strong> processeur.<\/li>\n<\/ul>\n\n\n\n<p class=\"has-ast-global-color-1-color has-text-color has-link-color wp-elements-8a6f2e7281f4071c0255e6c8881e310e\"><strong>M\u00e9moire<\/strong><\/p>\n\n\n\n<ul class=\"wp-block-list\">\n<li><strong>M\u00e9moire<\/strong> et<strong> swap<\/strong>.<\/li>\n<\/ul>\n\n\n\n<p class=\"has-ast-global-color-1-color has-text-color has-link-color wp-elements-5ba5ba5828d76920b45f1fde79b09b12\"><strong>R\u00e9seau<\/strong><\/p>\n\n\n\n<ul class=\"wp-block-list\">\n<li>S\u00e9lectionnez l\u2019<strong>interface r\u00e9seau<\/strong> \u00e0 laquelle votre conteneur doit \u00eatre connect\u00e9.<\/li>\n<\/ul>\n\n\n\n<p class=\"has-ast-global-color-1-color has-text-color has-link-color wp-elements-d023fd84a71da96b11d70f09207adff3\"><strong>DNS<\/strong><\/p>\n\n\n\n<ul class=\"wp-block-list\">\n<li><strong>DNS<\/strong> <em>la box dans mon cas : 192.168.1.1<\/em>.<\/li>\n<\/ul>\n\n\n\n<p class=\"has-ast-global-color-1-color has-text-color has-link-color wp-elements-df3e313cea7c6d8466e4717df61afe00\"><strong>Confirmation<\/strong><\/p>\n\n\n\n<ul class=\"wp-block-list\">\n<li>Confirmation, si tout est bon cliquez sur <strong>[Terminer]<\/strong>.<\/li>\n<\/ul>\n\n\n\n<hr class=\"wp-block-separator has-alpha-channel-opacity is-style-wide\"\/>\n\n\n\n<div class=\"wp-block-group has-pale-ocean-gradient-background has-background is-layout-constrained wp-block-group-is-layout-constrained\">\n<p class=\"has-medium-font-size\"><strong>Ressources n\u00e9cessaires pour un conteneur Alpine Linux<\/strong><\/p>\n\n\n\n<ul class=\"wp-block-list\">\n<li><strong>CPU<\/strong> : Environ 1 \u00e0 2 c\u0153urs<\/li>\n\n\n\n<li><strong>RAM<\/strong> : Environ 512 Mo \u00e0 1 Go<\/li>\n\n\n\n<li><strong>Stockage<\/strong> : Environ 5 Go \u00e0 10 Go<\/li>\n<\/ul>\n<\/div>\n\n\n\n<hr class=\"wp-block-separator has-alpha-channel-opacity is-style-wide\"\/>\n\n\n\n<p class=\"has-medium-font-size\"><strong>\u00c0 voir \u00e9galement<\/strong><\/p>\n\n\n\n<p>Mises \u00e0 jour&nbsp;:<\/p>\n\n\n\n<pre class=\"wp-block-preformatted\"><strong>apk update<\/strong><\/pre>\n\n\n\n<pre class=\"wp-block-preformatted\"><strong>apk upgrade<\/strong><\/pre>\n\n\n\n<p>Intallation de nano :<\/p>\n\n\n\n<pre class=\"wp-block-preformatted\"><strong>apk add nano<\/strong><\/pre>\n\n\n\n<p>Installation OpenSSH :<\/p>\n\n\n\n<pre class=\"wp-block-preformatted\"><strong>apk add openssh<\/strong><\/pre>\n\n\n\n<p>Changer le port SSH :<\/p>\n\n\n\n<p><a href=\"https:\/\/artheodoc.fr\/index.php\/changer-le-port-pour-ssh\/\" target=\"_blank\" rel=\"noreferrer noopener\">Changer le port pour SSH<\/a><\/p>\n\n\n\n<p>Pour red\u00e9marrer SSH :<\/p>\n\n\n\n<pre class=\"wp-block-preformatted\"><strong>service sshd restart<\/strong><\/pre>\n\n\n\n<p>Pour voir si le service est d\u00e9marr\u00e9&nbsp;:<\/p>\n\n\n\n<pre class=\"wp-block-preformatted\"><strong>rc-status<\/strong><\/pre>\n\n\n\n<p>Pour configurer le lancement du service SSH au d\u00e9marrage&nbsp;:<\/p>\n\n\n\n<pre class=\"wp-block-preformatted\"><strong>rc-update add sshd default<\/strong><\/pre>\n\n\n\n<p>Si l&rsquo;on veut tester le red\u00e9marrage&nbsp;:<\/p>\n\n\n\n<pre class=\"wp-block-preformatted\"><strong>reboot<\/strong><\/pre>\n\n\n\n<p>Exemple de param\u00e9trages en IP fixe \u00e0 adapter :<\/p>\n\n\n\n<p><a href=\"https:\/\/artheodoc.fr\/index.php\/exemple-de-parametrages-en-ip-fixe-sous-debian-11\/\" target=\"_blank\" rel=\"noreferrer noopener\">Exemple de param\u00e9trages en IP fixe sous debian 11<\/a><\/p>\n\n\n\n<p>En cas de besoin, la commande adduser permet de cr\u00e9er un utilisateur sous Linux de mani\u00e8re interactive en utilisant un script. Par exemple :<\/p>\n\n\n\n<pre class=\"wp-block-preformatted\"><strong>adduser <em>dominique<\/em><\/strong><\/pre>\n\n\n\n<p>Pour arr\u00eater la machine :<\/p>\n\n\n\n<pre class=\"wp-block-preformatted\"><strong>poweroff<\/strong><\/pre>\n\n\n\n<p><\/p>\n","protected":false},"excerpt":{"rendered":"<p>Voici les \u00e9tapes \u00e0 suivre pour cr\u00e9er un containeur LXC bas\u00e9 sur Alpine Linux sur un hyperviseur Proxmox VE. Depuis l\u2019interface de gestion de Proxmox VE. T\u00e9l\u00e9chargement du mod\u00e8le Pour t\u00e9l\u00e9charger un mod\u00e8le de conteneur : Depuis le stockage local(pve) dans mon cas. Mod\u00e8les de conteneurs ==&gt; [Mod\u00e8les] ==&gt; alpine-3.18-default==&gt; [T\u00e9l\u00e9charger] Installation du conteneur Alpine [&hellip;]<\/p>\n","protected":false},"author":2,"featured_media":0,"parent":0,"menu_order":0,"comment_status":"closed","ping_status":"closed","template":"","meta":{"site-sidebar-layout":"default","site-content-layout":"","ast-site-content-layout":"default","site-content-style":"default","site-sidebar-style":"default","ast-global-header-display":"","ast-banner-title-visibility":"","ast-main-header-display":"","ast-hfb-above-header-display":"","ast-hfb-below-header-display":"","ast-hfb-mobile-header-display":"","site-post-title":"","ast-breadcrumbs-content":"","ast-featured-img":"","footer-sml-layout":"","ast-disable-related-posts":"","theme-transparent-header-meta":"","adv-header-id-meta":"","stick-header-meta":"","header-above-stick-meta":"","header-main-stick-meta":"","header-below-stick-meta":"","astra-migrate-meta-layouts":"default","ast-page-background-enabled":"default","ast-page-background-meta":{"desktop":{"background-color":"var(--ast-global-color-4)","background-image":"","background-repeat":"repeat","background-position":"center center","background-size":"auto","background-attachment":"scroll","background-type":"","background-media":"","overlay-type":"","overlay-color":"","overlay-opacity":"","overlay-gradient":""},"tablet":{"background-color":"","background-image":"","background-repeat":"repeat","background-position":"center center","background-size":"auto","background-attachment":"scroll","background-type":"","background-media":"","overlay-type":"","overlay-color":"","overlay-opacity":"","overlay-gradient":""},"mobile":{"background-color":"","background-image":"","background-repeat":"repeat","background-position":"center center","background-size":"auto","background-attachment":"scroll","background-type":"","background-media":"","overlay-type":"","overlay-color":"","overlay-opacity":"","overlay-gradient":""}},"ast-content-background-meta":{"desktop":{"background-color":"var(--ast-global-color-5)","background-image":"","background-repeat":"repeat","background-position":"center center","background-size":"auto","background-attachment":"scroll","background-type":"","background-media":"","overlay-type":"","overlay-color":"","overlay-opacity":"","overlay-gradient":""},"tablet":{"background-color":"var(--ast-global-color-5)","background-image":"","background-repeat":"repeat","background-position":"center center","background-size":"auto","background-attachment":"scroll","background-type":"","background-media":"","overlay-type":"","overlay-color":"","overlay-opacity":"","overlay-gradient":""},"mobile":{"background-color":"var(--ast-global-color-5)","background-image":"","background-repeat":"repeat","background-position":"center center","background-size":"auto","background-attachment":"scroll","background-type":"","background-media":"","overlay-type":"","overlay-color":"","overlay-opacity":"","overlay-gradient":""}},"footnotes":""},"class_list":["post-1543","page","type-page","status-publish","hentry"],"_links":{"self":[{"href":"https:\/\/artheodoc.fr\/index.php\/wp-json\/wp\/v2\/pages\/1543","targetHints":{"allow":["GET"]}}],"collection":[{"href":"https:\/\/artheodoc.fr\/index.php\/wp-json\/wp\/v2\/pages"}],"about":[{"href":"https:\/\/artheodoc.fr\/index.php\/wp-json\/wp\/v2\/types\/page"}],"author":[{"embeddable":true,"href":"https:\/\/artheodoc.fr\/index.php\/wp-json\/wp\/v2\/users\/2"}],"replies":[{"embeddable":true,"href":"https:\/\/artheodoc.fr\/index.php\/wp-json\/wp\/v2\/comments?post=1543"}],"version-history":[{"count":14,"href":"https:\/\/artheodoc.fr\/index.php\/wp-json\/wp\/v2\/pages\/1543\/revisions"}],"predecessor-version":[{"id":1568,"href":"https:\/\/artheodoc.fr\/index.php\/wp-json\/wp\/v2\/pages\/1543\/revisions\/1568"}],"wp:attachment":[{"href":"https:\/\/artheodoc.fr\/index.php\/wp-json\/wp\/v2\/media?parent=1543"}],"curies":[{"name":"wp","href":"https:\/\/api.w.org\/{rel}","templated":true}]}}