{"id":184,"date":"2023-12-19T13:08:46","date_gmt":"2023-12-19T12:08:46","guid":{"rendered":"https:\/\/artheodoc.fr\/?page_id=184"},"modified":"2023-12-19T15:51:30","modified_gmt":"2023-12-19T14:51:30","slug":"creation-dimages-avec-bing-image-creator","status":"publish","type":"page","link":"https:\/\/artheodoc.fr\/index.php\/creation-dimages-avec-bing-image-creator\/","title":{"rendered":"Cr\u00e9ation d&rsquo;images avec Bing Image Creator"},"content":{"rendered":"\n<p>Bing Image Creator g\u00e9n\u00e8re des images gr\u00e2ce \u00e0 une intelligence artificielle. Microsoft utilise une technologie provenant d\u2019OpenAI.<\/p>\n\n\n\n<p><a href=\"https:\/\/www.bing.com\/images\/create\" target=\"_blank\" rel=\"noreferrer noopener\">https:\/\/www.bing.com\/images\/create<\/a><\/p>\n\n\n\n<p>Exemples de cr\u00e9ation d&rsquo;images avec l&rsquo;intelligence artificielle Bing Image Creator.<\/p>\n\n\n\n<p class=\"has-vivid-red-color has-text-color has-link-color wp-elements-8f01cde91fb67a44f84175c57a469b08\"><em>Cr\u00e9er un logo avec le texte Artheodoc.fr avec les lettres dor\u00e9es et un circuit imprim\u00e9 stylis\u00e9. Image d\u2019un data center en arri\u00e8re plan. Photor\u00e9aliste<\/em><\/p>\n\n\n\n<figure class=\"wp-block-gallery has-nested-images columns-default is-cropped wp-block-gallery-1 is-layout-flex wp-block-gallery-is-layout-flex\">\n<figure class=\"wp-block-image size-large\"><img loading=\"lazy\" decoding=\"async\" width=\"1024\" height=\"1024\" data-id=\"185\" src=\"https:\/\/artheodoc.fr\/wp-content\/uploads\/2023\/12\/Artheodoc_AC.jpg\" alt=\"\" class=\"wp-image-185\" srcset=\"https:\/\/artheodoc.fr\/wp-content\/uploads\/2023\/12\/Artheodoc_AC.jpg 1024w, https:\/\/artheodoc.fr\/wp-content\/uploads\/2023\/12\/Artheodoc_AC-300x300.jpg 300w, https:\/\/artheodoc.fr\/wp-content\/uploads\/2023\/12\/Artheodoc_AC-150x150.jpg 150w, https:\/\/artheodoc.fr\/wp-content\/uploads\/2023\/12\/Artheodoc_AC-768x768.jpg 768w\" sizes=\"auto, (max-width: 1024px) 100vw, 1024px\" \/><\/figure>\n\n\n\n<figure class=\"wp-block-image size-large\"><img loading=\"lazy\" decoding=\"async\" width=\"1024\" height=\"1024\" data-id=\"186\" src=\"https:\/\/artheodoc.fr\/wp-content\/uploads\/2023\/12\/Artheodoc_FR.jpg\" alt=\"\" class=\"wp-image-186\" srcset=\"https:\/\/artheodoc.fr\/wp-content\/uploads\/2023\/12\/Artheodoc_FR.jpg 1024w, https:\/\/artheodoc.fr\/wp-content\/uploads\/2023\/12\/Artheodoc_FR-300x300.jpg 300w, https:\/\/artheodoc.fr\/wp-content\/uploads\/2023\/12\/Artheodoc_FR-150x150.jpg 150w, https:\/\/artheodoc.fr\/wp-content\/uploads\/2023\/12\/Artheodoc_FR-768x768.jpg 768w\" sizes=\"auto, (max-width: 1024px) 100vw, 1024px\" \/><\/figure>\n\n\n\n<figure class=\"wp-block-image size-large\"><img loading=\"lazy\" decoding=\"async\" width=\"1024\" height=\"1024\" data-id=\"187\" src=\"https:\/\/artheodoc.fr\/wp-content\/uploads\/2023\/12\/Artheodoc-AD.jpg\" alt=\"\" class=\"wp-image-187\" srcset=\"https:\/\/artheodoc.fr\/wp-content\/uploads\/2023\/12\/Artheodoc-AD.jpg 1024w, https:\/\/artheodoc.fr\/wp-content\/uploads\/2023\/12\/Artheodoc-AD-300x300.jpg 300w, https:\/\/artheodoc.fr\/wp-content\/uploads\/2023\/12\/Artheodoc-AD-150x150.jpg 150w, https:\/\/artheodoc.fr\/wp-content\/uploads\/2023\/12\/Artheodoc-AD-768x768.jpg 768w\" sizes=\"auto, (max-width: 1024px) 100vw, 1024px\" \/><\/figure>\n\n\n\n<figure class=\"wp-block-image size-large\"><img loading=\"lazy\" decoding=\"async\" width=\"1024\" height=\"1024\" data-id=\"188\" src=\"https:\/\/artheodoc.fr\/wp-content\/uploads\/2023\/12\/Arthheodoc.jpg\" alt=\"\" class=\"wp-image-188\" srcset=\"https:\/\/artheodoc.fr\/wp-content\/uploads\/2023\/12\/Arthheodoc.jpg 1024w, https:\/\/artheodoc.fr\/wp-content\/uploads\/2023\/12\/Arthheodoc-300x300.jpg 300w, https:\/\/artheodoc.fr\/wp-content\/uploads\/2023\/12\/Arthheodoc-150x150.jpg 150w, https:\/\/artheodoc.fr\/wp-content\/uploads\/2023\/12\/Arthheodoc-768x768.jpg 768w\" sizes=\"auto, (max-width: 1024px) 100vw, 1024px\" \/><\/figure>\n<\/figure>\n\n\n\n<hr class=\"wp-block-separator has-alpha-channel-opacity is-style-wide\"\/>\n\n\n\n<p class=\"has-large-font-size\">Plus d\u2019informations<\/p>\n\n\n\n<p><a href=\"https:\/\/www.zdnet.fr\/pratique\/comment-utiliser-bing-image-creator-39957208.htm\" target=\"_blank\" rel=\"noreferrer noopener\">https:\/\/www.zdnet.fr\/pratique\/comment-utiliser-bing-image-creator-39957208.htm<\/a><\/p>\n","protected":false},"excerpt":{"rendered":"<p>Bing Image Creator g\u00e9n\u00e8re des images gr\u00e2ce \u00e0 une intelligence artificielle. Microsoft utilise une technologie provenant d\u2019OpenAI. https:\/\/www.bing.com\/images\/create Exemples de cr\u00e9ation d&rsquo;images avec l&rsquo;intelligence artificielle Bing Image Creator. Cr\u00e9er un logo avec le texte Artheodoc.fr avec les lettres dor\u00e9es et un circuit imprim\u00e9 stylis\u00e9. Image d\u2019un data center en arri\u00e8re plan. Photor\u00e9aliste Plus d\u2019informations https:\/\/www.zdnet.fr\/pratique\/comment-utiliser-bing-image-creator-39957208.htm<\/p>\n","protected":false},"author":2,"featured_media":0,"parent":0,"menu_order":0,"comment_status":"closed","ping_status":"closed","template":"","meta":{"site-sidebar-layout":"default","site-content-layout":"","ast-site-content-layout":"default","site-content-style":"default","site-sidebar-style":"default","ast-global-header-display":"","ast-banner-title-visibility":"","ast-main-header-display":"","ast-hfb-above-header-display":"","ast-hfb-below-header-display":"","ast-hfb-mobile-header-display":"","site-post-title":"","ast-breadcrumbs-content":"","ast-featured-img":"","footer-sml-layout":"","ast-disable-related-posts":"","theme-transparent-header-meta":"","adv-header-id-meta":"","stick-header-meta":"","header-above-stick-meta":"","header-main-stick-meta":"","header-below-stick-meta":"","astra-migrate-meta-layouts":"default","ast-page-background-enabled":"default","ast-page-background-meta":{"desktop":{"background-color":"var(--ast-global-color-4)","background-image":"","background-repeat":"repeat","background-position":"center center","background-size":"auto","background-attachment":"scroll","background-type":"","background-media":"","overlay-type":"","overlay-color":"","overlay-opacity":"","overlay-gradient":""},"tablet":{"background-color":"","background-image":"","background-repeat":"repeat","background-position":"center center","background-size":"auto","background-attachment":"scroll","background-type":"","background-media":"","overlay-type":"","overlay-color":"","overlay-opacity":"","overlay-gradient":""},"mobile":{"background-color":"","background-image":"","background-repeat":"repeat","background-position":"center center","background-size":"auto","background-attachment":"scroll","background-type":"","background-media":"","overlay-type":"","overlay-color":"","overlay-opacity":"","overlay-gradient":""}},"ast-content-background-meta":{"desktop":{"background-color":"var(--ast-global-color-5)","background-image":"","background-repeat":"repeat","background-position":"center center","background-size":"auto","background-attachment":"scroll","background-type":"","background-media":"","overlay-type":"","overlay-color":"","overlay-opacity":"","overlay-gradient":""},"tablet":{"background-color":"var(--ast-global-color-5)","background-image":"","background-repeat":"repeat","background-position":"center center","background-size":"auto","background-attachment":"scroll","background-type":"","background-media":"","overlay-type":"","overlay-color":"","overlay-opacity":"","overlay-gradient":""},"mobile":{"background-color":"var(--ast-global-color-5)","background-image":"","background-repeat":"repeat","background-position":"center center","background-size":"auto","background-attachment":"scroll","background-type":"","background-media":"","overlay-type":"","overlay-color":"","overlay-opacity":"","overlay-gradient":""}},"footnotes":""},"class_list":["post-184","page","type-page","status-publish","hentry"],"_links":{"self":[{"href":"https:\/\/artheodoc.fr\/index.php\/wp-json\/wp\/v2\/pages\/184","targetHints":{"allow":["GET"]}}],"collection":[{"href":"https:\/\/artheodoc.fr\/index.php\/wp-json\/wp\/v2\/pages"}],"about":[{"href":"https:\/\/artheodoc.fr\/index.php\/wp-json\/wp\/v2\/types\/page"}],"author":[{"embeddable":true,"href":"https:\/\/artheodoc.fr\/index.php\/wp-json\/wp\/v2\/users\/2"}],"replies":[{"embeddable":true,"href":"https:\/\/artheodoc.fr\/index.php\/wp-json\/wp\/v2\/comments?post=184"}],"version-history":[{"count":4,"href":"https:\/\/artheodoc.fr\/index.php\/wp-json\/wp\/v2\/pages\/184\/revisions"}],"predecessor-version":[{"id":199,"href":"https:\/\/artheodoc.fr\/index.php\/wp-json\/wp\/v2\/pages\/184\/revisions\/199"}],"wp:attachment":[{"href":"https:\/\/artheodoc.fr\/index.php\/wp-json\/wp\/v2\/media?parent=184"}],"curies":[{"name":"wp","href":"https:\/\/api.w.org\/{rel}","templated":true}]}}