{"id":1902,"date":"2025-03-08T07:02:16","date_gmt":"2025-03-08T06:02:16","guid":{"rendered":"https:\/\/artheodoc.fr\/?page_id=1902"},"modified":"2025-04-28T09:19:51","modified_gmt":"2025-04-28T07:19:51","slug":"wordpress","status":"publish","type":"page","link":"https:\/\/artheodoc.fr\/index.php\/wordpress\/","title":{"rendered":"WordPress"},"content":{"rendered":"\n<div class=\"wp-block-media-text is-stacked-on-mobile\" style=\"grid-template-columns:22% auto\"><figure class=\"wp-block-media-text__media\"><img loading=\"lazy\" decoding=\"async\" width=\"266\" height=\"190\" src=\"https:\/\/artheodoc.fr\/wp-content\/uploads\/2024\/06\/logowordpress.png\" alt=\"\" class=\"wp-image-814 size-full\"\/><\/figure><div class=\"wp-block-media-text__content\">\n<p class=\"has-pale-ocean-gradient-background has-background\">WordPress est un syst\u00e8me de gestion de contenu (CMS en anglais) gratuit, libre et open-source. Ce logiciel \u00e9crit en PHP repose sur une base de donn\u00e9es MySQL et est distribu\u00e9 par la fondation WordPress.org. Les fonctionnalit\u00e9s de WordPress lui permettent de cr\u00e9er et g\u00e9rer diff\u00e9rents types de sites Web : site vitrine, site de vente en ligne, site applicatif, blog, portfolio, site institutionnel, site d\u2019enseignement\u2026<\/p>\n<\/div><\/div>\n\n\n\n<hr class=\"wp-block-separator has-alpha-channel-opacity is-style-wide\"\/>\n\n\n\n<h2 class=\"wp-block-heading\"><strong>Supports de Cours<\/strong><\/h2>\n\n\n\n<p class=\"has-medium-font-size\"><strong>Installer WordPress dans une machine virtuelle sous VirtualBox<\/strong><\/p>\n\n\n\n<p>Dans les exercices qui suivent on voit comment installer WordPress sous Debian 12 en utilisant une machine virtuelle sous VirtualBox. Dans un premier temps pas de nom de domaine ni de certificat :<\/p>\n\n\n\n<p><a href=\"https:\/\/artheodoc.fr\/index.php\/installation-de-wordpress-sous-debian-12-dans-une-machine-virtuelle-sous-virtualbox\/\" target=\"_blank\" rel=\"noreferrer noopener\">Installation de WordPress sous Debian 12 dans une machine virtuelle sous VirtualBox<\/a><\/p>\n\n\n\n<div class=\"wp-block-group has-pale-ocean-gradient-background has-background is-layout-constrained wp-block-group-is-layout-constrained\">\n<p class=\"has-medium-font-size\"><strong>Les tutoriels, vid\u00e9os, etc.<\/strong><\/p>\n\n\n\n<p>Quelques tutoriels pour vous aider \u00e0 cr\u00e9er vos pages et vos articles avec WordPress :<\/p>\n\n\n\n<p><a href=\"https:\/\/artheodoc.fr\/index.php\/creation-de-pages-et-darticles-avec-wordpress\/\" target=\"_blank\" rel=\"noreferrer noopener\">Cr\u00e9ation de pages et d\u2019articles avec WordPress<\/a><\/p>\n<\/div>\n\n\n\n<hr class=\"wp-block-separator has-alpha-channel-opacity is-style-wide\"\/>\n\n\n\n<h2 class=\"wp-block-heading\">Informations pour aller plus loin&#8230;<\/h2>\n\n\n\n<p><a href=\"https:\/\/artheodoc.fr\/index.php\/pour-augmenter-le-poid-des-medias-pouvant-etre-utilises\/\" target=\"_blank\" rel=\"noreferrer noopener\">Pour augmenter le poid des m\u00e9dias pouvant \u00eatre utilis\u00e9s<\/a><\/p>\n\n\n\n<p><a href=\"https:\/\/artheodoc.fr\/index.php\/2024\/01\/28\/compression-video\/\" target=\"_blank\" rel=\"noreferrer noopener\">Compression vid\u00e9o<\/a><\/p>\n\n\n\n<p><a href=\"https:\/\/artheodoc.fr\/index.php\/2024\/02\/23\/pour-telecharger-des-fichiers-depuis-un-site-wordpress\/\" target=\"_blank\" rel=\"noreferrer noopener\">Pour t\u00e9l\u00e9charger des fichiers depuis un site WordPress<\/a><\/p>\n\n\n\n<p><a href=\"https:\/\/artheodoc.fr\/index.php\/2024\/02\/25\/integrer-un-pdf-dans-un-site-wordpress-avec-le-bloc-fichier\/\" target=\"_blank\" rel=\"noreferrer noopener\">Int\u00e9grer un PDF dans un site WordPress avec le bloc Fichier<\/a><\/p>\n\n\n\n<p><a href=\"https:\/\/artheodoc.fr\/index.php\/2024\/04\/11\/creation-dun-forum-avec-wordpress\/\" target=\"_blank\" rel=\"noreferrer noopener\">Cr\u00e9ation d\u2019un forum avec WordPress<\/a><\/p>\n\n\n\n<p><a href=\"https:\/\/artheodoc.fr\/index.php\/2024\/04\/11\/creation-de-la-faq-foire-aux-questions-avec-wordpress\/\" target=\"_blank\" rel=\"noreferrer noopener\">Cr\u00e9ation de la FAQ \u2013 Foire aux questions \u2013 avec WordPress<\/a><\/p>\n\n\n\n<p><a href=\"https:\/\/artheodoc.fr\/index.php\/2024\/04\/11\/afficher-un-shortcode-wordpress-sans-quil-soit-execute\/\" target=\"_blank\" rel=\"noreferrer noopener\">Afficher un shortcode WordPress sans qu\u2019il soit ex\u00e9cut\u00e9<\/a><\/p>\n\n\n\n<p>Pour les sites WEB auto-h\u00e9berg\u00e9s :<\/p>\n\n\n\n<p><a href=\"https:\/\/artheodoc.fr\/index.php\/mise-a-jour-de-wordpress-sans-utiliser-le-ftp\/\" target=\"_blank\" rel=\"noreferrer noopener\">Mise \u00e0 jour de WordPress sans utiliser le FTP<\/a><\/p>\n\n\n\n<p><\/p>\n","protected":false},"excerpt":{"rendered":"<p>WordPress est un syst\u00e8me de gestion de contenu (CMS en anglais) gratuit, libre et open-source. Ce logiciel \u00e9crit en PHP repose sur une base de donn\u00e9es MySQL et est distribu\u00e9 par la fondation WordPress.org. Les fonctionnalit\u00e9s de WordPress lui permettent de cr\u00e9er et g\u00e9rer diff\u00e9rents types de sites Web : site vitrine, site de vente [&hellip;]<\/p>\n","protected":false},"author":2,"featured_media":0,"parent":0,"menu_order":0,"comment_status":"closed","ping_status":"closed","template":"","meta":{"site-sidebar-layout":"default","site-content-layout":"","ast-site-content-layout":"default","site-content-style":"default","site-sidebar-style":"default","ast-global-header-display":"","ast-banner-title-visibility":"","ast-main-header-display":"","ast-hfb-above-header-display":"","ast-hfb-below-header-display":"","ast-hfb-mobile-header-display":"","site-post-title":"","ast-breadcrumbs-content":"","ast-featured-img":"","footer-sml-layout":"","ast-disable-related-posts":"","theme-transparent-header-meta":"","adv-header-id-meta":"","stick-header-meta":"","header-above-stick-meta":"","header-main-stick-meta":"","header-below-stick-meta":"","astra-migrate-meta-layouts":"default","ast-page-background-enabled":"default","ast-page-background-meta":{"desktop":{"background-color":"var(--ast-global-color-4)","background-image":"","background-repeat":"repeat","background-position":"center center","background-size":"auto","background-attachment":"scroll","background-type":"","background-media":"","overlay-type":"","overlay-color":"","overlay-opacity":"","overlay-gradient":""},"tablet":{"background-color":"","background-image":"","background-repeat":"repeat","background-position":"center center","background-size":"auto","background-attachment":"scroll","background-type":"","background-media":"","overlay-type":"","overlay-color":"","overlay-opacity":"","overlay-gradient":""},"mobile":{"background-color":"","background-image":"","background-repeat":"repeat","background-position":"center center","background-size":"auto","background-attachment":"scroll","background-type":"","background-media":"","overlay-type":"","overlay-color":"","overlay-opacity":"","overlay-gradient":""}},"ast-content-background-meta":{"desktop":{"background-color":"var(--ast-global-color-5)","background-image":"","background-repeat":"repeat","background-position":"center center","background-size":"auto","background-attachment":"scroll","background-type":"","background-media":"","overlay-type":"","overlay-color":"","overlay-opacity":"","overlay-gradient":""},"tablet":{"background-color":"var(--ast-global-color-5)","background-image":"","background-repeat":"repeat","background-position":"center center","background-size":"auto","background-attachment":"scroll","background-type":"","background-media":"","overlay-type":"","overlay-color":"","overlay-opacity":"","overlay-gradient":""},"mobile":{"background-color":"var(--ast-global-color-5)","background-image":"","background-repeat":"repeat","background-position":"center center","background-size":"auto","background-attachment":"scroll","background-type":"","background-media":"","overlay-type":"","overlay-color":"","overlay-opacity":"","overlay-gradient":""}},"footnotes":""},"class_list":["post-1902","page","type-page","status-publish","hentry"],"_links":{"self":[{"href":"https:\/\/artheodoc.fr\/index.php\/wp-json\/wp\/v2\/pages\/1902","targetHints":{"allow":["GET"]}}],"collection":[{"href":"https:\/\/artheodoc.fr\/index.php\/wp-json\/wp\/v2\/pages"}],"about":[{"href":"https:\/\/artheodoc.fr\/index.php\/wp-json\/wp\/v2\/types\/page"}],"author":[{"embeddable":true,"href":"https:\/\/artheodoc.fr\/index.php\/wp-json\/wp\/v2\/users\/2"}],"replies":[{"embeddable":true,"href":"https:\/\/artheodoc.fr\/index.php\/wp-json\/wp\/v2\/comments?post=1902"}],"version-history":[{"count":11,"href":"https:\/\/artheodoc.fr\/index.php\/wp-json\/wp\/v2\/pages\/1902\/revisions"}],"predecessor-version":[{"id":2088,"href":"https:\/\/artheodoc.fr\/index.php\/wp-json\/wp\/v2\/pages\/1902\/revisions\/2088"}],"wp:attachment":[{"href":"https:\/\/artheodoc.fr\/index.php\/wp-json\/wp\/v2\/media?parent=1902"}],"curies":[{"name":"wp","href":"https:\/\/api.w.org\/{rel}","templated":true}]}}