{"id":2104,"date":"2025-04-29T13:17:31","date_gmt":"2025-04-29T11:17:31","guid":{"rendered":"https:\/\/artheodoc.fr\/?page_id=2104"},"modified":"2025-06-10T09:49:40","modified_gmt":"2025-06-10T07:49:40","slug":"virtualbox","status":"publish","type":"page","link":"https:\/\/artheodoc.fr\/index.php\/virtualbox\/","title":{"rendered":"VirtualBox"},"content":{"rendered":"\n<h3 class=\"wp-block-heading\">Virtualiser Proxmox dans VirtualBox<\/h3>\n\n\n\n<p class=\"has-pale-ocean-gradient-background has-background\"><em>J&rsquo;ai rencontr\u00e9 des probl\u00e8mes en voulant virtualiser Proxmox dans VirtualBox pour des tests&#8230; Voil\u00e0 les solutions que j&rsquo;ai trouv\u00e9es.<\/em><\/p>\n\n\n\n<p>Pour virtualiser Proxmox dans VirtualBox&nbsp;:<\/p>\n\n\n\n<ol class=\"wp-block-list\">\n<li><a href=\"https:\/\/artheodoc.fr\/index.php\/2025\/04\/29\/activer-la-virtualisation-imbriquee-vt-x-amd-v-dans-une-vm-virtualbox\/\" data-type=\"post\" data-id=\"2091\" target=\"_blank\" rel=\"noreferrer noopener\">Activer la virtualisation imbriqu\u00e9e VT-x\/AMD-V dans une VM VirtualBox<\/a><\/li>\n\n\n\n<li><a href=\"https:\/\/artheodoc.fr\/index.php\/2025\/04\/29\/virtualisation-de-proxmox-dans-virtualbox-acces-reseau-pour-les-vms\/\" data-type=\"post\" data-id=\"2096\" target=\"_blank\" rel=\"noreferrer noopener\">Virtualisation de Proxmox dans VirtualBox \u2013 Acc\u00e8s r\u00e9seau pour les VMs<\/a><\/li>\n<\/ol>\n\n\n\n<hr class=\"wp-block-separator has-alpha-channel-opacity is-style-wide\"\/>\n\n\n\n<h3 class=\"wp-block-heading\">Virtualiser Debian 12 dans VirtualBox pour l&rsquo;installation d&rsquo;un serveur<\/h3>\n\n\n\n<p><a href=\"https:\/\/artheodoc.fr\/index.php\/installation-de-debian-12-dans-une-machine-virtuelle-sous-virtualbox\/\" target=\"_blank\" rel=\"noreferrer noopener\">Installation de Debian 12 dans une machine virtuelle sous VirtualBox<\/a><\/p>\n\n\n\n<hr class=\"wp-block-separator has-alpha-channel-opacity is-style-wide\"\/>\n\n\n\n<h3 class=\"wp-block-heading\">Se former \u00e0 l\u2019installation de serveurs en utilisant VirtualBox<\/h3>\n\n\n\n<div class=\"wp-block-group has-pale-ocean-gradient-background has-background is-layout-constrained wp-block-group-is-layout-constrained\">\n<figure class=\"wp-block-image aligncenter size-full\"><img loading=\"lazy\" decoding=\"async\" width=\"800\" height=\"91\" src=\"https:\/\/artheodoc.fr\/wp-content\/uploads\/2025\/06\/Logos_serveurs_Denis-800x91-removebg-preview.png\" alt=\"\" class=\"wp-image-2314\" srcset=\"https:\/\/artheodoc.fr\/wp-content\/uploads\/2025\/06\/Logos_serveurs_Denis-800x91-removebg-preview.png 800w, https:\/\/artheodoc.fr\/wp-content\/uploads\/2025\/06\/Logos_serveurs_Denis-800x91-removebg-preview-300x34.png 300w, https:\/\/artheodoc.fr\/wp-content\/uploads\/2025\/06\/Logos_serveurs_Denis-800x91-removebg-preview-768x87.png 768w\" sizes=\"auto, (max-width: 800px) 100vw, 800px\" \/><\/figure>\n\n\n\n<p>Je mets \u00e0 votre disposition gratuitement mes supports de cours concernant l\u2019installation de serveurs WEB. Au programme, site WEB avec WordPress, phototh\u00e8que avec Piwigo, Wiki avec MediaWiki, cloud avec Nextcloud. \u00c0 voir \u00e9galement, le pare-feu pfSense et le Reverse Proxy Apache.<\/p>\n\n\n\n<p><a href=\"https:\/\/artheodoc.fr\/index.php\/mes-supports-de-cours\/\" data-type=\"page\" data-id=\"875\" target=\"_blank\" rel=\"noreferrer noopener\">Mes supports de cours<\/a><\/p>\n<\/div>\n\n\n\n<p><\/p>\n","protected":false},"excerpt":{"rendered":"<p>Virtualiser Proxmox dans VirtualBox J&rsquo;ai rencontr\u00e9 des probl\u00e8mes en voulant virtualiser Proxmox dans VirtualBox pour des tests&#8230; Voil\u00e0 les solutions que j&rsquo;ai trouv\u00e9es. Pour virtualiser Proxmox dans VirtualBox&nbsp;: Virtualiser Debian 12 dans VirtualBox pour l&rsquo;installation d&rsquo;un serveur Installation de Debian 12 dans une machine virtuelle sous VirtualBox Se former \u00e0 l\u2019installation de serveurs en utilisant [&hellip;]<\/p>\n","protected":false},"author":2,"featured_media":0,"parent":0,"menu_order":0,"comment_status":"closed","ping_status":"closed","template":"","meta":{"site-sidebar-layout":"default","site-content-layout":"","ast-site-content-layout":"default","site-content-style":"default","site-sidebar-style":"default","ast-global-header-display":"","ast-banner-title-visibility":"","ast-main-header-display":"","ast-hfb-above-header-display":"","ast-hfb-below-header-display":"","ast-hfb-mobile-header-display":"","site-post-title":"","ast-breadcrumbs-content":"","ast-featured-img":"","footer-sml-layout":"","ast-disable-related-posts":"","theme-transparent-header-meta":"","adv-header-id-meta":"","stick-header-meta":"","header-above-stick-meta":"","header-main-stick-meta":"","header-below-stick-meta":"","astra-migrate-meta-layouts":"default","ast-page-background-enabled":"default","ast-page-background-meta":{"desktop":{"background-color":"var(--ast-global-color-4)","background-image":"","background-repeat":"repeat","background-position":"center center","background-size":"auto","background-attachment":"scroll","background-type":"","background-media":"","overlay-type":"","overlay-color":"","overlay-opacity":"","overlay-gradient":""},"tablet":{"background-color":"","background-image":"","background-repeat":"repeat","background-position":"center center","background-size":"auto","background-attachment":"scroll","background-type":"","background-media":"","overlay-type":"","overlay-color":"","overlay-opacity":"","overlay-gradient":""},"mobile":{"background-color":"","background-image":"","background-repeat":"repeat","background-position":"center center","background-size":"auto","background-attachment":"scroll","background-type":"","background-media":"","overlay-type":"","overlay-color":"","overlay-opacity":"","overlay-gradient":""}},"ast-content-background-meta":{"desktop":{"background-color":"var(--ast-global-color-5)","background-image":"","background-repeat":"repeat","background-position":"center center","background-size":"auto","background-attachment":"scroll","background-type":"","background-media":"","overlay-type":"","overlay-color":"","overlay-opacity":"","overlay-gradient":""},"tablet":{"background-color":"var(--ast-global-color-5)","background-image":"","background-repeat":"repeat","background-position":"center center","background-size":"auto","background-attachment":"scroll","background-type":"","background-media":"","overlay-type":"","overlay-color":"","overlay-opacity":"","overlay-gradient":""},"mobile":{"background-color":"var(--ast-global-color-5)","background-image":"","background-repeat":"repeat","background-position":"center center","background-size":"auto","background-attachment":"scroll","background-type":"","background-media":"","overlay-type":"","overlay-color":"","overlay-opacity":"","overlay-gradient":""}},"footnotes":""},"class_list":["post-2104","page","type-page","status-publish","hentry"],"_links":{"self":[{"href":"https:\/\/artheodoc.fr\/index.php\/wp-json\/wp\/v2\/pages\/2104","targetHints":{"allow":["GET"]}}],"collection":[{"href":"https:\/\/artheodoc.fr\/index.php\/wp-json\/wp\/v2\/pages"}],"about":[{"href":"https:\/\/artheodoc.fr\/index.php\/wp-json\/wp\/v2\/types\/page"}],"author":[{"embeddable":true,"href":"https:\/\/artheodoc.fr\/index.php\/wp-json\/wp\/v2\/users\/2"}],"replies":[{"embeddable":true,"href":"https:\/\/artheodoc.fr\/index.php\/wp-json\/wp\/v2\/comments?post=2104"}],"version-history":[{"count":11,"href":"https:\/\/artheodoc.fr\/index.php\/wp-json\/wp\/v2\/pages\/2104\/revisions"}],"predecessor-version":[{"id":2327,"href":"https:\/\/artheodoc.fr\/index.php\/wp-json\/wp\/v2\/pages\/2104\/revisions\/2327"}],"wp:attachment":[{"href":"https:\/\/artheodoc.fr\/index.php\/wp-json\/wp\/v2\/media?parent=2104"}],"curies":[{"name":"wp","href":"https:\/\/api.w.org\/{rel}","templated":true}]}}