{"id":2329,"date":"2025-06-20T19:49:10","date_gmt":"2025-06-20T17:49:10","guid":{"rendered":"https:\/\/artheodoc.fr\/?page_id=2329"},"modified":"2026-01-13T11:04:23","modified_gmt":"2026-01-13T10:04:23","slug":"colleges","status":"publish","type":"page","link":"https:\/\/artheodoc.fr\/index.php\/colleges\/","title":{"rendered":"Coll\u00e8ges"},"content":{"rendered":"\n<p class=\"has-medium-font-size\"><br>Je vais regrouper dans cette page les informations concernant les coll\u00e8ges dans lesquels je travaille comme technicien informatique.<br><\/p>\n\n\n\n<p class=\"has-medium-font-size\"><strong>Vid\u00e9oprojecteurs<\/strong><\/p>\n\n\n\n<p class=\"has-pale-ocean-gradient-background has-background\"><em>Durant les grandes p\u00e9riodes de chaleur, si l\u2019on veut \u00e9viter la surchauffe des vid\u00e9oprojecteurs. Exemple avec l\u2019Epson <strong>EB-W39<\/strong> (fonctionne aussi avec les <strong>EB-W49<\/strong>).<\/em><\/p>\n\n\n\n<p><strong>Consommation \u00e9lectr. ECO<\/strong> : r\u00e9duit la luminosit\u00e9 de la lampe et le bruit du ventilateur et \u00e9conomise de l&rsquo;\u00e9nergie tout en prolongeant la dur\u00e9e de vie de la lampe.<\/p>\n\n\n\n<p><a href=\"https:\/\/artheodoc.fr\/wp-content\/uploads\/2025\/06\/Activer_le_mode_ECO_sur_les_videoprojecteurs_EPSON.pdf\" data-type=\"link\" data-id=\"https:\/\/artheodoc.fr\/wp-content\/uploads\/2025\/06\/Activer_le_mode_ECO_sur_les_videoprojecteurs_EPSON.pdf\" target=\"_blank\" rel=\"noreferrer noopener\">Activer le mode ECO sur les vid\u00e9oprojecteurs EPSON<\/a><\/p>\n\n\n\n<hr class=\"wp-block-separator has-alpha-channel-opacity is-style-wide\"\/>\n\n\n\n<p class=\"has-medium-font-size\"><strong>Windows<\/strong><\/p>\n\n\n\n<p>Fichiers .bat permettant de r\u00e9cup\u00e9rer les pilotes sous Windows 10 et Windows 11 :<\/p>\n\n\n\n<p><a href=\"https:\/\/artheodoc.fr\/index.php\/2024\/01\/30\/recuperation-des-pilotes-sous-windows-10\/\" target=\"_blank\" rel=\"noreferrer noopener\">R\u00e9cup\u00e9ration des pilotes sous Windows 10 ou Windows 11<\/a><\/p>\n\n\n\n<p>D\u00e9bit et le mode de n\u00e9gociation de votre carte r\u00e9seau Ethernet sous Windows 10 :<\/p>\n\n\n\n<p><a href=\"https:\/\/artheodoc.fr\/index.php\/2025\/03\/12\/windows-10-debit-et-le-mode-de-negociation-de-votre-carte-reseau-ethernet\/\" data-type=\"post\" data-id=\"1931\" target=\"_blank\" rel=\"noreferrer noopener\">Windows 10 &#8211; D\u00e9bit et le mode de n\u00e9gociation de votre carte r\u00e9seau Ethernet<\/a><\/p>\n\n\n\n<hr class=\"wp-block-separator has-alpha-channel-opacity is-style-wide\"\/>\n\n\n\n<p class=\"has-medium-font-size\"><strong>AD<\/strong><\/p>\n\n\n\n<p><a href=\"https:\/\/artheodoc.fr\/index.php\/2026\/01\/13\/sur-un-poste-sous-windows-11-connecte-a-un-controleur-de-domaine-ad-de-microsoftcomment-supprimer-le-profil-dun-utilisateur\/\" data-type=\"post\" data-id=\"2793\" target=\"_blank\" rel=\"noreferrer noopener\">Sur un poste sous Windows 11 connect\u00e9 \u00e0 un contr\u00f4leur de domaine AD de microsoft,comment supprimer le profil d\u2019un utilisateur ?<\/a><\/p>\n\n\n\n<hr class=\"wp-block-separator has-alpha-channel-opacity is-style-wide\"\/>\n\n\n\n<p class=\"has-medium-font-size\"><strong>Thunderbird<\/strong><\/p>\n\n\n\n<p><a href=\"https:\/\/artheodoc.fr\/index.php\/2025\/07\/14\/supprimer-un-compte-de-messagerie-dans-thunderbird\/\" data-type=\"post\" data-id=\"2385\" target=\"_blank\" rel=\"noreferrer noopener\">Supprimer un compte de messagerie dans Thunderbird<\/a><\/p>\n\n\n\n<p><\/p>\n","protected":false},"excerpt":{"rendered":"<p>Je vais regrouper dans cette page les informations concernant les coll\u00e8ges dans lesquels je travaille comme technicien informatique. Vid\u00e9oprojecteurs Durant les grandes p\u00e9riodes de chaleur, si l\u2019on veut \u00e9viter la surchauffe des vid\u00e9oprojecteurs. Exemple avec l\u2019Epson EB-W39 (fonctionne aussi avec les EB-W49). Consommation \u00e9lectr. ECO : r\u00e9duit la luminosit\u00e9 de la lampe et le bruit [&hellip;]<\/p>\n","protected":false},"author":2,"featured_media":0,"parent":0,"menu_order":0,"comment_status":"closed","ping_status":"closed","template":"","meta":{"site-sidebar-layout":"default","site-content-layout":"","ast-site-content-layout":"default","site-content-style":"default","site-sidebar-style":"default","ast-global-header-display":"","ast-banner-title-visibility":"","ast-main-header-display":"","ast-hfb-above-header-display":"","ast-hfb-below-header-display":"","ast-hfb-mobile-header-display":"","site-post-title":"","ast-breadcrumbs-content":"","ast-featured-img":"","footer-sml-layout":"","ast-disable-related-posts":"","theme-transparent-header-meta":"","adv-header-id-meta":"","stick-header-meta":"","header-above-stick-meta":"","header-main-stick-meta":"","header-below-stick-meta":"","astra-migrate-meta-layouts":"default","ast-page-background-enabled":"default","ast-page-background-meta":{"desktop":{"background-color":"var(--ast-global-color-4)","background-image":"","background-repeat":"repeat","background-position":"center center","background-size":"auto","background-attachment":"scroll","background-type":"","background-media":"","overlay-type":"","overlay-color":"","overlay-opacity":"","overlay-gradient":""},"tablet":{"background-color":"","background-image":"","background-repeat":"repeat","background-position":"center center","background-size":"auto","background-attachment":"scroll","background-type":"","background-media":"","overlay-type":"","overlay-color":"","overlay-opacity":"","overlay-gradient":""},"mobile":{"background-color":"","background-image":"","background-repeat":"repeat","background-position":"center center","background-size":"auto","background-attachment":"scroll","background-type":"","background-media":"","overlay-type":"","overlay-color":"","overlay-opacity":"","overlay-gradient":""}},"ast-content-background-meta":{"desktop":{"background-color":"var(--ast-global-color-5)","background-image":"","background-repeat":"repeat","background-position":"center center","background-size":"auto","background-attachment":"scroll","background-type":"","background-media":"","overlay-type":"","overlay-color":"","overlay-opacity":"","overlay-gradient":""},"tablet":{"background-color":"var(--ast-global-color-5)","background-image":"","background-repeat":"repeat","background-position":"center center","background-size":"auto","background-attachment":"scroll","background-type":"","background-media":"","overlay-type":"","overlay-color":"","overlay-opacity":"","overlay-gradient":""},"mobile":{"background-color":"var(--ast-global-color-5)","background-image":"","background-repeat":"repeat","background-position":"center center","background-size":"auto","background-attachment":"scroll","background-type":"","background-media":"","overlay-type":"","overlay-color":"","overlay-opacity":"","overlay-gradient":""}},"footnotes":""},"class_list":["post-2329","page","type-page","status-publish","hentry"],"_links":{"self":[{"href":"https:\/\/artheodoc.fr\/index.php\/wp-json\/wp\/v2\/pages\/2329","targetHints":{"allow":["GET"]}}],"collection":[{"href":"https:\/\/artheodoc.fr\/index.php\/wp-json\/wp\/v2\/pages"}],"about":[{"href":"https:\/\/artheodoc.fr\/index.php\/wp-json\/wp\/v2\/types\/page"}],"author":[{"embeddable":true,"href":"https:\/\/artheodoc.fr\/index.php\/wp-json\/wp\/v2\/users\/2"}],"replies":[{"embeddable":true,"href":"https:\/\/artheodoc.fr\/index.php\/wp-json\/wp\/v2\/comments?post=2329"}],"version-history":[{"count":14,"href":"https:\/\/artheodoc.fr\/index.php\/wp-json\/wp\/v2\/pages\/2329\/revisions"}],"predecessor-version":[{"id":2796,"href":"https:\/\/artheodoc.fr\/index.php\/wp-json\/wp\/v2\/pages\/2329\/revisions\/2796"}],"wp:attachment":[{"href":"https:\/\/artheodoc.fr\/index.php\/wp-json\/wp\/v2\/media?parent=2329"}],"curies":[{"name":"wp","href":"https:\/\/api.w.org\/{rel}","templated":true}]}}