{"id":2482,"date":"2025-09-24T11:15:51","date_gmt":"2025-09-24T09:15:51","guid":{"rendered":"https:\/\/artheodoc.fr\/?page_id=2482"},"modified":"2025-09-28T09:41:34","modified_gmt":"2025-09-28T07:41:34","slug":"installation-duptime-kuma-avec-docker","status":"publish","type":"page","link":"https:\/\/artheodoc.fr\/index.php\/installation-duptime-kuma-avec-docker\/","title":{"rendered":"Installation d&rsquo;Uptime Kuma avec Docker"},"content":{"rendered":"\n<p><br><em>Uptime Kuma un service de monitoring auto-h\u00e9berg\u00e9.<\/em><\/p>\n\n\n\n<p>Sources&nbsp;: <a href=\"https:\/\/www.it-connect.fr\/uptime-kuma-open-source-monitoring-de-sites-web\/\" target=\"_blank\" rel=\"noreferrer noopener\">https:\/\/www.it-connect.fr\/uptime-kuma-open-source-monitoring-de-sites-web\/<\/a><\/p>\n\n\n\n<p class=\"has-medium-font-size\"><strong>Sous Debian 13<\/strong><\/p>\n\n\n\n<div class=\"wp-block-group has-pale-ocean-gradient-background has-background is-layout-constrained wp-block-group-is-layout-constrained\">\n<p>Test\u00e9 avec une machine virtuelle Debian 13 sans interface graphique avec le serveur SSH install\u00e9. Sous VirtualBox et Proxmox.<\/p>\n\n\n\n<p class=\"has-medium-font-size\"><strong>Configuration de la machine virtuelle sous Proxmox<\/strong><\/p>\n\n\n\n<ul class=\"wp-block-list\">\n<li><strong>kvm64<\/strong> pour le type de processeur (CPU)<\/li>\n<\/ul>\n\n\n\n<p class=\"has-medium-font-size\"><strong>Configuration de la machine virtuelle sous Debian 13<\/strong><\/p>\n\n\n\n<p><em>Les modifications que je fais habituellement dans la configuration de mes machines virtuelles sous Debian sans interface graphique, sources,list, PATH, IP fixe.<\/em><\/p>\n\n\n\n<ul class=\"wp-block-list\">\n<li><a href=\"https:\/\/artheodoc.fr\/index.php\/modification-de-la-variable-denvironnement-path-pour-pouvoir-utiliser-les-commandes-du-shell\/\" data-type=\"page\" data-id=\"34\" target=\"_blank\" rel=\"noreferrer noopener\">Modification de la variable d\u2019environnement PATH pour pouvoir utiliser les commandes du Shell<\/a><\/li>\n\n\n\n<li><a href=\"https:\/\/artheodoc.fr\/index.php\/modification-du-fichier-sources-list-sous-debian-11\/\" data-type=\"page\" data-id=\"38\" target=\"_blank\" rel=\"noreferrer noopener\">Modification du fichier sources.list sous Debian 11<\/a><\/li>\n\n\n\n<li><a href=\"https:\/\/artheodoc.fr\/index.php\/exemple-de-parametrages-en-ip-fixe-sous-debian-11\/\" data-type=\"page\" data-id=\"41\" target=\"_blank\" rel=\"noreferrer noopener\">Exemple de param\u00e9trages en IP fixe sous Debian 11<\/a><\/li>\n\n\n\n<li>Installation du serveur SSH \u2013 Voir\u00a0: <a href=\"https:\/\/artheodoc.fr\/index.php\/changer-le-port-pour-ssh\/\" data-type=\"page\" data-id=\"50\" target=\"_blank\" rel=\"noreferrer noopener\">Changer le port pour SSH<\/a><\/li>\n<\/ul>\n<\/div>\n\n\n\n<hr class=\"wp-block-separator has-alpha-channel-opacity is-style-wide\"\/>\n\n\n\n<p>Si Docker n&rsquo;est pas install\u00e9 :<\/p>\n\n\n\n<p><a href=\"https:\/\/artheodoc.fr\/index.php\/installation-de-docker-sous-debian-13\/\" data-type=\"page\" data-id=\"2475\" target=\"_blank\" rel=\"noreferrer noopener\">Installation de Docker sous Debian 13<\/a><\/p>\n\n\n\n<p>En administrateur root (<strong>su<\/strong>)<\/p>\n\n\n\n<p>Cr\u00e9ation du fichier Docker Compose&nbsp;:<\/p>\n\n\n\n<pre class=\"wp-block-preformatted\"><strong>mkdir -p \/opt\/docker-compose\/uptimekuma<\/strong><\/pre>\n\n\n\n<pre class=\"wp-block-preformatted\"><strong>nano \/opt\/docker-compose\/uptimekuma\/docker-compose.yml<\/strong><\/pre>\n\n\n\n<p>Contenu du fichier :<\/p>\n\n\n\n<pre class=\"wp-block-code\"><code>services:\n  uptime-kuma:\n    image: louislam\/uptime-kuma:1\n    container_name: uptime-kuma\n    volumes:\n      - data:\/app\/data               # R\u00e9pertoire pour stocker les donn\u00e9es de l'application\n    ports:\n      - 3001:3001                    # Port sur l'h\u00f4te Docker : Port interne au conteneur\n    restart: always\nvolumes:                             # Cr\u00e9er automatiquement le volume\n  data:<\/code><\/pre>\n\n\n\n<p>Enregistrez ce fichier, positionnez-vous dans le r\u00e9pertoire du projet :<\/p>\n\n\n\n<pre class=\"wp-block-preformatted\"><strong>cd \/opt\/docker-compose\/uptimekuma\/<\/strong><\/pre>\n\n\n\n<p><br>Pour cr\u00e9er et d\u00e9marrer tous les conteneurs d\u00e9finis dans le fichier docker-compose.yml. Construit les images si elles ne sont pas d\u00e9j\u00e0 pr\u00e9sentes. Peut configurer les r\u00e9seaux, les volumes, etc. :<\/p>\n\n\n\n<pre class=\"wp-block-preformatted\"><strong>docker compose up -d<\/strong><\/pre>\n\n\n\n<p>Quelques minutes plus tard, votre conteneur doit \u00eatre en cours d&rsquo;ex\u00e9cution&nbsp;:<\/p>\n\n\n\n<pre class=\"wp-block-preformatted\"><strong>docker ps<\/strong><\/pre>\n\n\n\n<p>D\u00e9sormais, vous pouvez acc\u00e9der \u00e0 Uptime Kuma via l&rsquo;adresse IP de l&rsquo;h\u00f4te Docker, en sp\u00e9cifiant le port 3001.<\/p>\n\n\n\n<p><strong>http:\/\/<em>adresse_IP_de_l&rsquo;h\u00f4te_Docke<\/em><em>r<\/em>:3001<\/strong><\/p>\n\n\n\n<p class=\"has-pale-ocean-gradient-background has-background\"><strong>Docker Compose<\/strong> est un outil qui permet de d\u00e9finir et de g\u00e9rer des applications multi-conteneurs Docker. Au lieu de lancer chaque conteneur manuellement avec des commandes <code>docker run<\/code>, vous utilisez un fichier YAML (g\u00e9n\u00e9ralement nomm\u00e9 <code>docker-compose.yml<\/code>) pour d\u00e9crire tous les services, r\u00e9seaux et volumes n\u00e9cessaires \u00e0 votre application.<\/p>\n\n\n\n<hr class=\"wp-block-separator has-alpha-channel-opacity is-style-wide\"\/>\n\n\n\n<p class=\"has-medium-font-size\"><strong>Voir \u00e9galement :<\/strong><\/p>\n\n\n\n<p><a href=\"https:\/\/artheodoc.fr\/index.php\/les-commandes-docker\/\" data-type=\"page\" data-id=\"1990\" target=\"_blank\" rel=\"noreferrer noopener\">Les commandes Docker<\/a><\/p>\n\n\n\n<p><\/p>\n","protected":false},"excerpt":{"rendered":"<p>Uptime Kuma un service de monitoring auto-h\u00e9berg\u00e9. Sources&nbsp;: https:\/\/www.it-connect.fr\/uptime-kuma-open-source-monitoring-de-sites-web\/ Sous Debian 13 Test\u00e9 avec une machine virtuelle Debian 13 sans interface graphique avec le serveur SSH install\u00e9. Sous VirtualBox et Proxmox. Configuration de la machine virtuelle sous Proxmox Configuration de la machine virtuelle sous Debian 13 Les modifications que je fais habituellement dans la configuration [&hellip;]<\/p>\n","protected":false},"author":2,"featured_media":0,"parent":0,"menu_order":0,"comment_status":"closed","ping_status":"closed","template":"","meta":{"site-sidebar-layout":"default","site-content-layout":"","ast-site-content-layout":"default","site-content-style":"default","site-sidebar-style":"default","ast-global-header-display":"","ast-banner-title-visibility":"","ast-main-header-display":"","ast-hfb-above-header-display":"","ast-hfb-below-header-display":"","ast-hfb-mobile-header-display":"","site-post-title":"","ast-breadcrumbs-content":"","ast-featured-img":"","footer-sml-layout":"","ast-disable-related-posts":"","theme-transparent-header-meta":"","adv-header-id-meta":"","stick-header-meta":"","header-above-stick-meta":"","header-main-stick-meta":"","header-below-stick-meta":"","astra-migrate-meta-layouts":"default","ast-page-background-enabled":"default","ast-page-background-meta":{"desktop":{"background-color":"var(--ast-global-color-4)","background-image":"","background-repeat":"repeat","background-position":"center center","background-size":"auto","background-attachment":"scroll","background-type":"","background-media":"","overlay-type":"","overlay-color":"","overlay-opacity":"","overlay-gradient":""},"tablet":{"background-color":"","background-image":"","background-repeat":"repeat","background-position":"center center","background-size":"auto","background-attachment":"scroll","background-type":"","background-media":"","overlay-type":"","overlay-color":"","overlay-opacity":"","overlay-gradient":""},"mobile":{"background-color":"","background-image":"","background-repeat":"repeat","background-position":"center center","background-size":"auto","background-attachment":"scroll","background-type":"","background-media":"","overlay-type":"","overlay-color":"","overlay-opacity":"","overlay-gradient":""}},"ast-content-background-meta":{"desktop":{"background-color":"var(--ast-global-color-5)","background-image":"","background-repeat":"repeat","background-position":"center center","background-size":"auto","background-attachment":"scroll","background-type":"","background-media":"","overlay-type":"","overlay-color":"","overlay-opacity":"","overlay-gradient":""},"tablet":{"background-color":"var(--ast-global-color-5)","background-image":"","background-repeat":"repeat","background-position":"center center","background-size":"auto","background-attachment":"scroll","background-type":"","background-media":"","overlay-type":"","overlay-color":"","overlay-opacity":"","overlay-gradient":""},"mobile":{"background-color":"var(--ast-global-color-5)","background-image":"","background-repeat":"repeat","background-position":"center center","background-size":"auto","background-attachment":"scroll","background-type":"","background-media":"","overlay-type":"","overlay-color":"","overlay-opacity":"","overlay-gradient":""}},"footnotes":""},"class_list":["post-2482","page","type-page","status-publish","hentry"],"_links":{"self":[{"href":"https:\/\/artheodoc.fr\/index.php\/wp-json\/wp\/v2\/pages\/2482","targetHints":{"allow":["GET"]}}],"collection":[{"href":"https:\/\/artheodoc.fr\/index.php\/wp-json\/wp\/v2\/pages"}],"about":[{"href":"https:\/\/artheodoc.fr\/index.php\/wp-json\/wp\/v2\/types\/page"}],"author":[{"embeddable":true,"href":"https:\/\/artheodoc.fr\/index.php\/wp-json\/wp\/v2\/users\/2"}],"replies":[{"embeddable":true,"href":"https:\/\/artheodoc.fr\/index.php\/wp-json\/wp\/v2\/comments?post=2482"}],"version-history":[{"count":15,"href":"https:\/\/artheodoc.fr\/index.php\/wp-json\/wp\/v2\/pages\/2482\/revisions"}],"predecessor-version":[{"id":2523,"href":"https:\/\/artheodoc.fr\/index.php\/wp-json\/wp\/v2\/pages\/2482\/revisions\/2523"}],"wp:attachment":[{"href":"https:\/\/artheodoc.fr\/index.php\/wp-json\/wp\/v2\/media?parent=2482"}],"curies":[{"name":"wp","href":"https:\/\/api.w.org\/{rel}","templated":true}]}}