{"id":2743,"date":"2025-12-22T18:20:20","date_gmt":"2025-12-22T17:20:20","guid":{"rendered":"https:\/\/artheodoc.fr\/?page_id=2743"},"modified":"2025-12-22T18:20:20","modified_gmt":"2025-12-22T17:20:20","slug":"lediteur-nano-sous-linux","status":"publish","type":"page","link":"https:\/\/artheodoc.fr\/index.php\/lediteur-nano-sous-linux\/","title":{"rendered":"L&rsquo;\u00e9diteur Nano sous Linux"},"content":{"rendered":"\n<h1 class=\"wp-block-heading\">Pr\u00e9sentation g\u00e9n\u00e9rale de Nano<\/h1>\n\n\n\n<p>Nano est un \u00e9diteur de texte en ligne de commande, simple et intuitif, id\u00e9al pour les d\u00e9butants comme pour les utilisateurs exp\u00e9riment\u00e9s.<\/p>\n\n\n\n<figure class=\"wp-block-table\"><table class=\"has-fixed-layout\"><thead><tr><th><strong>Caract\u00e9ristique<\/strong><\/th><th><strong>Description<\/strong><\/th><\/tr><\/thead><tbody><tr><td>Type<\/td><td>\u00c9diteur de texte en mode console (CLI)<\/td><\/tr><tr><td>Licence<\/td><td>GNU GPL<\/td><\/tr><tr><td>Cr\u00e9ation<\/td><td>Inspir\u00e9 de Pico (\u00e9diteur de l\u2019email client Pine), d\u00e9velopp\u00e9 pour \u00eatre plus libre<\/td><\/tr><tr><td>Avantages<\/td><td>L\u00e9ger, facile \u00e0 utiliser, int\u00e9gr\u00e9 par d\u00e9faut sur la plupart des distributions<\/td><\/tr><tr><td>Fichier de configuration<\/td><td>~\/.nanorc (personnalisation des options et raccourcis)<\/td><\/tr><\/tbody><\/table><\/figure>\n\n\n\n<hr class=\"wp-block-separator has-alpha-channel-opacity is-style-wide\"\/>\n\n\n\n<h1 class=\"wp-block-heading\">Lancement de Nano<\/h1>\n\n\n\n<figure class=\"wp-block-table\"><table class=\"has-fixed-layout\"><thead><tr><th><strong>Commande<\/strong><\/th><th><strong>Description<\/strong><\/th><\/tr><\/thead><tbody><tr><td>nano fichier.txt<\/td><td>Ouvre ou cr\u00e9e le fichier fichier.txt<\/td><\/tr><tr><td>nano +10 fichier.txt<\/td><td>Ouvre fichier.txt \u00e0 la ligne 10<\/td><\/tr><\/tbody><\/table><\/figure>\n\n\n\n<hr class=\"wp-block-separator has-alpha-channel-opacity is-style-wide\"\/>\n\n\n\n<h1 class=\"wp-block-heading\">Raccourcis cl\u00e9s dans Nano<\/h1>\n\n\n\n<figure class=\"wp-block-table\"><table class=\"has-fixed-layout\"><thead><tr><th><strong>Raccourci<\/strong><\/th><th><strong>Action<\/strong><\/th><\/tr><\/thead><tbody><tr><td><code>Ctrl<\/code> + <code>O<\/code><\/td><td>Sauvegarder le fichier<\/td><\/tr><tr><td><code>Ctrl<\/code> + <code>X<\/code><\/td><td>Quitter Nano (demande confirmation si non sauvegard\u00e9)<\/td><\/tr><tr><td><code>Ctrl<\/code> + <code>G<\/code><\/td><td>Ouvrir l\u2019aide<\/td><\/tr><tr><td><code>Ctrl<\/code> + <code>K<\/code><\/td><td>Couper une ligne<\/td><\/tr><tr><td><code>Ctrl<\/code> + <code>U<\/code><\/td><td>Coller une ligne<\/td><\/tr><tr><td><code>Ctrl<\/code> + <code>W<\/code><\/td><td>Rechercher un mot<\/td><\/tr><tr><td><code>Ctrl<\/code> + <code>\\<\/code><\/td><td>Remplacer un mot<\/td><\/tr><tr><td><code>Ctrl<\/code> + <code>A<\/code><\/td><td>Aller au d\u00e9but de la ligne<\/td><\/tr><tr><td><code>Ctrl<\/code> + <code>E<\/code><\/td><td>Aller \u00e0 la fin de la ligne<\/td><\/tr><tr><td><code>Ctrl<\/code> + <code>Y<\/code><\/td><td>Faire d\u00e9filer vers le haut<\/td><\/tr><tr><td><code>Ctrl<\/code> + <code>V<\/code><\/td><td>Faire d\u00e9filer vers le bas<\/td><\/tr><tr><td><code>Ctrl<\/code> + <code>C<\/code><\/td><td>Afficher la position du curseur (ligne, colonne)<\/td><\/tr><tr><td><code>Ctrl<\/code> + <code>_<\/code><\/td><td>Aller \u00e0 une ligne sp\u00e9cifique<\/td><\/tr><\/tbody><\/table><\/figure>\n\n\n\n<hr class=\"wp-block-separator has-alpha-channel-opacity is-style-wide\"\/>\n\n\n\n<h1 class=\"wp-block-heading\">R\u00e9sum\u00e9 des commandes utiles<\/h1>\n\n\n\n<figure class=\"wp-block-table\"><table class=\"has-fixed-layout\"><thead><tr><th><strong>Action<\/strong><\/th><th><strong>Commande\/Raccourci<\/strong><\/th><\/tr><\/thead><tbody><tr><td>Activer la num\u00e9rotation<\/td><td>nano -l fichier.txt<\/td><\/tr><tr><td>Activer par d\u00e9faut<\/td><td>set linenumbers dans ~\/.nanorc<\/td><\/tr><tr><td>Basculer pendant l&rsquo;\u00e9dition<\/td><td><code>Esc<\/code> + <code>#<\/code><\/td><\/tr><\/tbody><\/table><\/figure>\n\n\n\n<hr class=\"wp-block-separator has-alpha-channel-opacity is-style-wide\"\/>\n\n\n\n<h1 class=\"wp-block-heading\">Modifier et sauvegarder un fichier avec Nano<\/h1>\n\n\n\n<p>Pour \u00e9diter un fichier en administrateur si n\u00e9cessaire (<strong>sudo<\/strong> ou <strong>su<\/strong>) :<\/p>\n\n\n\n<pre class=\"wp-block-preformatted\">sudo nano <em>chemin d\u2019acc\u00e8s du fichier<\/em><\/pre>\n\n\n\n<p>Apr\u00e8s modifications&nbsp;:<\/p>\n\n\n\n<p><strong>[<code>CRTL<\/code>]<\/strong> + <strong>[<code>X<\/code>]<\/strong> pour quitter l\u2019\u00e9diteur nano.<\/p>\n\n\n\n<p><strong>[O]<\/strong> pour confirmer l\u2019enregistrement des modifications.<\/p>\n\n\n\n<p><code>Entr\u00e9e<\/code> pour confirmer le nom du fichier.<\/p>\n\n\n\n<p>Le caract\u00e8re <strong>#<\/strong> en d\u00e9but de ligne transforme celle-ci en commentaire dans un script Shell.<\/p>\n\n\n\n<p>Pour rechercher une cha\u00eene de caract\u00e8res&nbsp;:<\/p>\n\n\n\n<p><strong>[<code>Ctrl<\/code>]<\/strong> + <strong>[<code>W<\/code>]<\/strong><\/p>\n\n\n\n<hr class=\"wp-block-separator has-alpha-channel-opacity is-style-wide\"\/>\n\n\n\n<p>Sources&nbsp;: Le Chat Mistral<\/p>\n\n\n\n<p><a href=\"https:\/\/chat.mistral.ai\/chat\" target=\"_blank\" rel=\"noreferrer noopener\">https:\/\/chat.mistral.ai\/chat<\/a><\/p>\n\n\n\n<p><\/p>\n","protected":false},"excerpt":{"rendered":"<p>Pr\u00e9sentation g\u00e9n\u00e9rale de Nano Nano est un \u00e9diteur de texte en ligne de commande, simple et intuitif, id\u00e9al pour les d\u00e9butants comme pour les utilisateurs exp\u00e9riment\u00e9s. Caract\u00e9ristique Description Type \u00c9diteur de texte en mode console (CLI) Licence GNU GPL Cr\u00e9ation Inspir\u00e9 de Pico (\u00e9diteur de l\u2019email client Pine), d\u00e9velopp\u00e9 pour \u00eatre plus libre Avantages L\u00e9ger, [&hellip;]<\/p>\n","protected":false},"author":2,"featured_media":0,"parent":0,"menu_order":0,"comment_status":"closed","ping_status":"closed","template":"","meta":{"site-sidebar-layout":"default","site-content-layout":"","ast-site-content-layout":"default","site-content-style":"default","site-sidebar-style":"default","ast-global-header-display":"","ast-banner-title-visibility":"","ast-main-header-display":"","ast-hfb-above-header-display":"","ast-hfb-below-header-display":"","ast-hfb-mobile-header-display":"","site-post-title":"","ast-breadcrumbs-content":"","ast-featured-img":"","footer-sml-layout":"","ast-disable-related-posts":"","theme-transparent-header-meta":"","adv-header-id-meta":"","stick-header-meta":"","header-above-stick-meta":"","header-main-stick-meta":"","header-below-stick-meta":"","astra-migrate-meta-layouts":"default","ast-page-background-enabled":"default","ast-page-background-meta":{"desktop":{"background-color":"var(--ast-global-color-4)","background-image":"","background-repeat":"repeat","background-position":"center center","background-size":"auto","background-attachment":"scroll","background-type":"","background-media":"","overlay-type":"","overlay-color":"","overlay-opacity":"","overlay-gradient":""},"tablet":{"background-color":"","background-image":"","background-repeat":"repeat","background-position":"center center","background-size":"auto","background-attachment":"scroll","background-type":"","background-media":"","overlay-type":"","overlay-color":"","overlay-opacity":"","overlay-gradient":""},"mobile":{"background-color":"","background-image":"","background-repeat":"repeat","background-position":"center center","background-size":"auto","background-attachment":"scroll","background-type":"","background-media":"","overlay-type":"","overlay-color":"","overlay-opacity":"","overlay-gradient":""}},"ast-content-background-meta":{"desktop":{"background-color":"var(--ast-global-color-5)","background-image":"","background-repeat":"repeat","background-position":"center center","background-size":"auto","background-attachment":"scroll","background-type":"","background-media":"","overlay-type":"","overlay-color":"","overlay-opacity":"","overlay-gradient":""},"tablet":{"background-color":"var(--ast-global-color-5)","background-image":"","background-repeat":"repeat","background-position":"center center","background-size":"auto","background-attachment":"scroll","background-type":"","background-media":"","overlay-type":"","overlay-color":"","overlay-opacity":"","overlay-gradient":""},"mobile":{"background-color":"var(--ast-global-color-5)","background-image":"","background-repeat":"repeat","background-position":"center center","background-size":"auto","background-attachment":"scroll","background-type":"","background-media":"","overlay-type":"","overlay-color":"","overlay-opacity":"","overlay-gradient":""}},"footnotes":""},"class_list":["post-2743","page","type-page","status-publish","hentry"],"_links":{"self":[{"href":"https:\/\/artheodoc.fr\/index.php\/wp-json\/wp\/v2\/pages\/2743","targetHints":{"allow":["GET"]}}],"collection":[{"href":"https:\/\/artheodoc.fr\/index.php\/wp-json\/wp\/v2\/pages"}],"about":[{"href":"https:\/\/artheodoc.fr\/index.php\/wp-json\/wp\/v2\/types\/page"}],"author":[{"embeddable":true,"href":"https:\/\/artheodoc.fr\/index.php\/wp-json\/wp\/v2\/users\/2"}],"replies":[{"embeddable":true,"href":"https:\/\/artheodoc.fr\/index.php\/wp-json\/wp\/v2\/comments?post=2743"}],"version-history":[{"count":1,"href":"https:\/\/artheodoc.fr\/index.php\/wp-json\/wp\/v2\/pages\/2743\/revisions"}],"predecessor-version":[{"id":2744,"href":"https:\/\/artheodoc.fr\/index.php\/wp-json\/wp\/v2\/pages\/2743\/revisions\/2744"}],"wp:attachment":[{"href":"https:\/\/artheodoc.fr\/index.php\/wp-json\/wp\/v2\/media?parent=2743"}],"curies":[{"name":"wp","href":"https:\/\/api.w.org\/{rel}","templated":true}]}}