{"id":2807,"date":"2026-01-14T09:13:18","date_gmt":"2026-01-14T08:13:18","guid":{"rendered":"https:\/\/artheodoc.fr\/?page_id=2807"},"modified":"2026-01-14T15:38:20","modified_gmt":"2026-01-14T14:38:20","slug":"serveur-web-apache-et-nginx","status":"publish","type":"page","link":"https:\/\/artheodoc.fr\/index.php\/serveur-web-apache-et-nginx\/","title":{"rendered":"Serveur WEB Apache et Nginx"},"content":{"rendered":"\n<div class=\"wp-block-columns is-layout-flex wp-container-core-columns-is-layout-28f84493 wp-block-columns-is-layout-flex\">\n<div class=\"wp-block-column is-layout-flow wp-block-column-is-layout-flow\" style=\"flex-basis:66.66%\">\n<p><a href=\"https:\/\/artheodoc.fr\/index.php\/fichiers-et-dossiers-du-navigateur-web-apache-et-commandes-utiles-pour-la-configuration\/\" data-type=\"page\" data-id=\"22\" target=\"_blank\" rel=\"noreferrer noopener\">Fichiers et dossiers du serveur WEB Apache et commandes utiles pour la configuration<\/a><\/p>\n\n\n\n<p><a href=\"https:\/\/artheodoc.fr\/index.php\/consulter-le-log-pour-apache-sous-debian-12\/\" data-type=\"page\" data-id=\"27\" target=\"_blank\" rel=\"noreferrer noopener\">Consulter le log pour Apache sous Debian 12<\/a><\/p>\n\n\n\n<p>Proc\u00e9dure simple pour une premi\u00e8re installation du serveur WEB Apache. Id\u00e9al pour tester rapidement un petit site WEB :<\/p>\n\n\n\n<p><a href=\"https:\/\/artheodoc.fr\/index.php\/exemple-dhote-virtuel-base-sur-le-numero-de-port-8000-pour-apache\/\" data-type=\"page\" data-id=\"2263\" target=\"_blank\" rel=\"noreferrer noopener\">Exemple d\u2019h\u00f4te virtuel bas\u00e9 sur le num\u00e9ro de port (8000) pour Apache<\/a><\/p>\n\n\n\n<p class=\"has-background\" style=\"background:linear-gradient(135deg,rgb(248,246,238) 0%,rgb(204,150,112) 100%)\">Le logiciel libre Apache HTTP Server (Apache) est un serveur HTTP cr\u00e9\u00e9 et maintenu au sein de la fondation Apache. Jusqu&rsquo;en avril 20192, ce fut le serveur HTTP le plus populaire du World Wide Web. Il est distribu\u00e9 selon les termes de la licence Apache. <em>Wikip\u00e9dia<\/em><\/p>\n\n\n\n<hr class=\"wp-block-separator has-alpha-channel-opacity is-style-wide\"\/>\n\n\n\n<p><a href=\"https:\/\/artheodoc.fr\/index.php\/serveur-web-nginx\/\" data-type=\"page\" data-id=\"2428\" target=\"_blank\" rel=\"noreferrer noopener\">Serveur WEB Nginx<\/a><\/p>\n<\/div>\n\n\n\n<div class=\"wp-block-column is-layout-flow wp-block-column-is-layout-flow\" style=\"flex-basis:33.33%\">\n<figure class=\"wp-block-image aligncenter size-full\"><img loading=\"lazy\" decoding=\"async\" width=\"320\" height=\"320\" src=\"https:\/\/artheodoc.fr\/wp-content\/uploads\/2023\/12\/Apache-IA.jpg\" alt=\"\" class=\"wp-image-257\" srcset=\"https:\/\/artheodoc.fr\/wp-content\/uploads\/2023\/12\/Apache-IA.jpg 320w, https:\/\/artheodoc.fr\/wp-content\/uploads\/2023\/12\/Apache-IA-300x300.jpg 300w, https:\/\/artheodoc.fr\/wp-content\/uploads\/2023\/12\/Apache-IA-150x150.jpg 150w\" sizes=\"auto, (max-width: 320px) 100vw, 320px\" \/><\/figure>\n<\/div>\n<\/div>\n\n\n\n<p><\/p>\n","protected":false},"excerpt":{"rendered":"<p>Fichiers et dossiers du serveur WEB Apache et commandes utiles pour la configuration Consulter le log pour Apache sous Debian 12 Proc\u00e9dure simple pour une premi\u00e8re installation du serveur WEB Apache. Id\u00e9al pour tester rapidement un petit site WEB : Exemple d\u2019h\u00f4te virtuel bas\u00e9 sur le num\u00e9ro de port (8000) pour Apache Le logiciel libre [&hellip;]<\/p>\n","protected":false},"author":2,"featured_media":0,"parent":0,"menu_order":0,"comment_status":"closed","ping_status":"closed","template":"","meta":{"site-sidebar-layout":"default","site-content-layout":"","ast-site-content-layout":"default","site-content-style":"default","site-sidebar-style":"default","ast-global-header-display":"","ast-banner-title-visibility":"","ast-main-header-display":"","ast-hfb-above-header-display":"","ast-hfb-below-header-display":"","ast-hfb-mobile-header-display":"","site-post-title":"","ast-breadcrumbs-content":"","ast-featured-img":"","footer-sml-layout":"","ast-disable-related-posts":"","theme-transparent-header-meta":"","adv-header-id-meta":"","stick-header-meta":"","header-above-stick-meta":"","header-main-stick-meta":"","header-below-stick-meta":"","astra-migrate-meta-layouts":"default","ast-page-background-enabled":"default","ast-page-background-meta":{"desktop":{"background-color":"var(--ast-global-color-4)","background-image":"","background-repeat":"repeat","background-position":"center center","background-size":"auto","background-attachment":"scroll","background-type":"","background-media":"","overlay-type":"","overlay-color":"","overlay-opacity":"","overlay-gradient":""},"tablet":{"background-color":"","background-image":"","background-repeat":"repeat","background-position":"center center","background-size":"auto","background-attachment":"scroll","background-type":"","background-media":"","overlay-type":"","overlay-color":"","overlay-opacity":"","overlay-gradient":""},"mobile":{"background-color":"","background-image":"","background-repeat":"repeat","background-position":"center center","background-size":"auto","background-attachment":"scroll","background-type":"","background-media":"","overlay-type":"","overlay-color":"","overlay-opacity":"","overlay-gradient":""}},"ast-content-background-meta":{"desktop":{"background-color":"var(--ast-global-color-5)","background-image":"","background-repeat":"repeat","background-position":"center center","background-size":"auto","background-attachment":"scroll","background-type":"","background-media":"","overlay-type":"","overlay-color":"","overlay-opacity":"","overlay-gradient":""},"tablet":{"background-color":"var(--ast-global-color-5)","background-image":"","background-repeat":"repeat","background-position":"center center","background-size":"auto","background-attachment":"scroll","background-type":"","background-media":"","overlay-type":"","overlay-color":"","overlay-opacity":"","overlay-gradient":""},"mobile":{"background-color":"var(--ast-global-color-5)","background-image":"","background-repeat":"repeat","background-position":"center center","background-size":"auto","background-attachment":"scroll","background-type":"","background-media":"","overlay-type":"","overlay-color":"","overlay-opacity":"","overlay-gradient":""}},"footnotes":""},"class_list":["post-2807","page","type-page","status-publish","hentry"],"_links":{"self":[{"href":"https:\/\/artheodoc.fr\/index.php\/wp-json\/wp\/v2\/pages\/2807","targetHints":{"allow":["GET"]}}],"collection":[{"href":"https:\/\/artheodoc.fr\/index.php\/wp-json\/wp\/v2\/pages"}],"about":[{"href":"https:\/\/artheodoc.fr\/index.php\/wp-json\/wp\/v2\/types\/page"}],"author":[{"embeddable":true,"href":"https:\/\/artheodoc.fr\/index.php\/wp-json\/wp\/v2\/users\/2"}],"replies":[{"embeddable":true,"href":"https:\/\/artheodoc.fr\/index.php\/wp-json\/wp\/v2\/comments?post=2807"}],"version-history":[{"count":2,"href":"https:\/\/artheodoc.fr\/index.php\/wp-json\/wp\/v2\/pages\/2807\/revisions"}],"predecessor-version":[{"id":2816,"href":"https:\/\/artheodoc.fr\/index.php\/wp-json\/wp\/v2\/pages\/2807\/revisions\/2816"}],"wp:attachment":[{"href":"https:\/\/artheodoc.fr\/index.php\/wp-json\/wp\/v2\/media?parent=2807"}],"curies":[{"name":"wp","href":"https:\/\/api.w.org\/{rel}","templated":true}]}}