{"id":2889,"date":"2026-02-10T08:01:04","date_gmt":"2026-02-10T07:01:04","guid":{"rendered":"https:\/\/artheodoc.fr\/?page_id=2889"},"modified":"2026-02-10T08:01:04","modified_gmt":"2026-02-10T07:01:04","slug":"mes-rubriques","status":"publish","type":"page","link":"https:\/\/artheodoc.fr\/index.php\/mes-rubriques\/","title":{"rendered":"Mes rubriques"},"content":{"rendered":"\n<p class=\"has-large-font-size\">Linux<\/p>\n\n\n\n<p>La page consacr\u00e9e \u00e0 Linux, au Shell Bash, \u00e0 Debian, Linux Mint et Alpine Linux.<\/p>\n\n\n\n<p><a href=\"https:\/\/artheodoc.fr\/index.php\/linux\/\" data-type=\"page\" data-id=\"2636\" target=\"_blank\" rel=\"noreferrer noopener\">Linux<\/a><\/p>\n\n\n\n<hr class=\"wp-block-separator has-alpha-channel-opacity is-style-wide\"\/>\n\n\n\n<p class=\"has-large-font-size\">Serveur WEB Apache et Nginx<\/p>\n\n\n\n<p>Fichiers, logs et dossiers ainsi que les commandes utiles du serveur WEB Apache. H\u00f4te virtuel bas\u00e9 sur le num\u00e9ro de port. Serveur WEB Nginx :<\/p>\n\n\n\n<p><a href=\"https:\/\/artheodoc.fr\/index.php\/serveur-web-apache-et-nginx\/\" data-type=\"page\" data-id=\"2807\" target=\"_blank\" rel=\"noreferrer noopener\">Serveur WEB Apache et Nginx<\/a><\/p>\n\n\n\n<hr class=\"wp-block-separator has-alpha-channel-opacity is-style-wide\"\/>\n\n\n\n<p class=\"has-large-font-size\">Installation des serveurs<\/p>\n\n\n\n<p>SSH, PuTTY, FileZilla, Nano, MariaDB, IP publique et nom de domaine :<\/p>\n\n\n\n<p><a href=\"https:\/\/artheodoc.fr\/index.php\/installation-des-serveurs\/\" data-type=\"page\" data-id=\"2811\" target=\"_blank\" rel=\"noreferrer noopener\">Installation des serveurs<\/a><\/p>\n\n\n\n<hr class=\"wp-block-separator has-alpha-channel-opacity is-style-wide\"\/>\n\n\n\n<p class=\"has-large-font-size\">Certificats et Reverse Proxy<\/p>\n\n\n\n<p>Cerbot, certificats, Reverse Proxy Apache, Nginx Proxy Manager :<\/p>\n\n\n\n<p><a href=\"https:\/\/artheodoc.fr\/index.php\/certificats-et-reverse-proxy-2\/\" data-type=\"page\" data-id=\"2817\" target=\"_blank\" rel=\"noreferrer noopener\">Certificats et Reverse Proxy<\/a><\/p>\n\n\n\n<hr class=\"wp-block-separator has-alpha-channel-opacity is-style-wide\"\/>\n\n\n\n<p class=\"has-large-font-size\">phpMyAdmin<\/p>\n\n\n\n<p>Installation, fichiers trop volumineux&nbsp;:<\/p>\n\n\n\n<p><a href=\"https:\/\/artheodoc.fr\/index.php\/phpmyadmin\/\" data-type=\"page\" data-id=\"2821\" target=\"_blank\" rel=\"noreferrer noopener\">phpMyAdmin<\/a><\/p>\n\n\n\n<hr class=\"wp-block-separator has-alpha-channel-opacity is-style-wide\"\/>\n\n\n\n<p class=\"has-large-font-size\">Bases de donn\u00e9es &#8211; MariaDB &#8211; PostgreSQL<\/p>\n\n\n\n<p>Syntaxe des commandes et s\u00e9curisation de l\u2019installation de MariaDB. Configurer et utiliser PostgreSQL&nbsp;:<\/p>\n\n\n\n<p><a href=\"https:\/\/artheodoc.fr\/index.php\/bases-de-donnees-mariadb-postgresql\/\" data-type=\"page\" data-id=\"2824\" target=\"_blank\" rel=\"noreferrer noopener\">Bases de donn\u00e9es \u2013 MariaDB \u2013 PostgreSQL<\/a><\/p>\n\n\n\n<hr class=\"wp-block-separator has-alpha-channel-opacity is-style-wide\"\/>\n\n\n\n<p class=\"has-large-font-size\">Sauvegardes &#8211; NAS &#8211; VPN<\/p>\n\n\n\n<p>phpMyAdmin, FileZilla, OpenMediaVault, VPN WireGuard&nbsp;:<\/p>\n\n\n\n<p><a href=\"https:\/\/artheodoc.fr\/index.php\/sauvegardes-nas-vpn\/\" data-type=\"page\" data-id=\"2785\" target=\"_blank\" rel=\"noreferrer noopener\">Sauvegardes \u2013 NAS \u2013 VPN<\/a><\/p>\n\n\n\n<hr class=\"wp-block-separator has-alpha-channel-opacity is-style-wide\"\/>\n\n\n\n<p class=\"has-large-font-size\">WordPress<\/p>\n\n\n\n<p>La page consacr\u00e9e \u00e0 WordPress :<\/p>\n\n\n\n<p><a href=\"https:\/\/artheodoc.fr\/index.php\/wordpress\/\" data-type=\"page\" data-id=\"1902\" target=\"_blank\" rel=\"noreferrer noopener\">WordPress<\/a><\/p>\n\n\n\n<hr class=\"wp-block-separator has-alpha-channel-opacity is-style-wide\"\/>\n\n\n\n<p class=\"has-large-font-size\">MediaWiki<\/p>\n\n\n\n<p>La page consacr\u00e9e \u00e0 la cr\u00e9ation et \u00e0 la gestion d&rsquo;un wiki :<\/p>\n\n\n\n<p><a href=\"https:\/\/artheodoc.fr\/index.php\/mediawiki-2\/\" data-type=\"page\" data-id=\"2789\" target=\"_blank\" rel=\"noreferrer noopener\">MediaWiki<\/a><\/p>\n\n\n\n<hr class=\"wp-block-separator has-alpha-channel-opacity is-style-wide\"\/>\n\n\n\n<p class=\"has-large-font-size\">Nextcloud<\/p>\n\n\n\n<p>D\u00e9pannages, mode maintenance, mises \u00e0 jour, reverse proxy et attaques par force brute&nbsp;:<\/p>\n\n\n\n<p><a href=\"https:\/\/artheodoc.fr\/index.php\/nextcloud\/\" data-type=\"page\" data-id=\"2831\" target=\"_blank\" rel=\"noreferrer noopener\">Nextcloud<\/a><\/p>\n\n\n\n<hr class=\"wp-block-separator has-alpha-channel-opacity is-style-wide\"\/>\n\n\n\n<p class=\"has-large-font-size\">Piwigo<\/p>\n\n\n\n<p>Insertion de photos dans uMap depuis un serveur Piwigo :<\/p>\n\n\n\n<p><a href=\"https:\/\/artheodoc.fr\/index.php\/piwigo\/\" data-type=\"page\" data-id=\"2838\" target=\"_blank\" rel=\"noreferrer noopener\">Piwigo<\/a><\/p>\n\n\n\n<hr class=\"wp-block-separator has-alpha-channel-opacity is-style-wide\"\/>\n\n\n\n<p class=\"has-large-font-size\">Intelligences artificielles<\/p>\n\n\n\n<p>Installation avec Ollama, cr\u00e9ation d\u2019images&nbsp;:<\/p>\n\n\n\n<p><a href=\"https:\/\/artheodoc.fr\/index.php\/intelligences-artificielles\/\" data-type=\"page\" data-id=\"2842\" target=\"_blank\" rel=\"noreferrer noopener\">Intelligences artificielles<\/a><\/p>\n\n\n\n<hr class=\"wp-block-separator has-alpha-channel-opacity is-style-wide\"\/>\n\n\n\n<p class=\"has-large-font-size\">Programmes en Python<\/p>\n\n\n\n<p>La page consacr\u00e9e au langage Python :<\/p>\n\n\n\n<p><a href=\"https:\/\/artheodoc.fr\/index.php\/python\/\" data-type=\"page\" data-id=\"2781\" target=\"_blank\" rel=\"noreferrer noopener\">Python<\/a><\/p>\n\n\n\n<hr class=\"wp-block-separator has-alpha-channel-opacity is-style-wide\"\/>\n\n\n\n<p class=\"has-large-font-size\">Syst\u00e8mes<\/p>\n\n\n\n<p>Windows, Linux \u2013 Android&nbsp;:<\/p>\n\n\n\n<p><a href=\"https:\/\/artheodoc.fr\/index.php\/systemes\/\" data-type=\"page\" data-id=\"2834\" target=\"_blank\" rel=\"noreferrer noopener\">Syst\u00e8mes<\/a><\/p>\n\n\n\n<hr class=\"wp-block-separator has-alpha-channel-opacity is-style-wide\"\/>\n\n\n\n<p class=\"has-large-font-size\">Docker<\/p>\n\n\n\n<p>La page consacr\u00e9e \u00e0 Docker :<\/p>\n\n\n\n<p><a href=\"https:\/\/artheodoc.fr\/index.php\/docker\/\" data-type=\"page\" data-id=\"2776\" target=\"_blank\" rel=\"noreferrer noopener\">Docker<\/a><\/p>\n\n\n\n<hr class=\"wp-block-separator has-alpha-channel-opacity is-style-wide\"\/>\n\n\n\n<p class=\"has-large-font-size\">Retouche photo<\/p>\n\n\n\n<ul class=\"wp-block-list\">\n<li>WEB, d\u00e9tourer une image, effacer un \u00e9l\u00e9ment<\/li>\n\n\n\n<li>Gimp, fusionner les calques, cr\u00e9er des gifs anim\u00e9s, installer Alpha vers Logo<\/li>\n<\/ul>\n\n\n\n<p><a href=\"https:\/\/artheodoc.fr\/index.php\/retouche-photo\/\" data-type=\"page\" data-id=\"2827\" target=\"_blank\" rel=\"noreferrer noopener\">Retouche photo<\/a><\/p>\n\n\n\n<hr class=\"wp-block-separator has-alpha-channel-opacity is-style-wide\"\/>\n\n\n\n<p class=\"has-large-font-size\">Vid\u00e9o<\/p>\n\n\n\n<p class=\"has-medium-font-size\"><strong>T\u00e9l\u00e9chargeur YouTube<\/strong><\/p>\n\n\n\n<p><strong>Stacher7<\/strong><\/p>\n\n\n\n<p><a href=\"https:\/\/stacher.io\" target=\"_blank\" rel=\"noreferrer noopener\">https:\/\/stacher.io<\/a><\/p>\n\n\n\n<hr class=\"wp-block-separator has-alpha-channel-opacity is-style-wide\"\/>\n\n\n\n<p class=\"has-large-font-size\">OBS Studio<\/p>\n\n\n\n<div class=\"wp-block-columns is-layout-flex wp-container-core-columns-is-layout-28f84493 wp-block-columns-is-layout-flex\">\n<div class=\"wp-block-column is-layout-flow wp-block-column-is-layout-flow\" style=\"flex-basis:66.66%\">\n<p><a href=\"https:\/\/artheodoc.fr\/index.php\/obs-studio\/\" data-type=\"page\" data-id=\"708\" target=\"_blank\" rel=\"noreferrer noopener\">OBS Studio<\/a><\/p>\n\n\n\n<blockquote class=\"wp-block-quote is-layout-flow wp-block-quote-is-layout-flow\">\n<p>OBS Studio, abr\u00e9g\u00e9 en OBS, est un logiciel libre et open source de capture d&rsquo;\u00e9cran et de streaming pour Microsoft Windows, MacOS et Linux. Cette plateforme est tr\u00e8s appr\u00e9ci\u00e9e par les Youtubeurs et Streamers.<\/p>\n\n\n\n<p>En France, OBS Studio est int\u00e9gr\u00e9 \u00e0 la liste des logiciels libres recommand\u00e9s pour le secteur public et au socle interminist\u00e9riel de logiciels libres.<\/p>\n<cite>Wikip\u00e9dia<\/cite><\/blockquote>\n<\/div>\n\n\n\n<div class=\"wp-block-column is-layout-flow wp-block-column-is-layout-flow\" style=\"flex-basis:33.33%\">\n<figure class=\"wp-block-image aligncenter size-full\"><img loading=\"lazy\" decoding=\"async\" width=\"200\" height=\"200\" src=\"https:\/\/artheodoc.fr\/wp-content\/uploads\/2024\/04\/OBS_Studio_Logo.png\" alt=\"\" class=\"wp-image-722\" srcset=\"https:\/\/artheodoc.fr\/wp-content\/uploads\/2024\/04\/OBS_Studio_Logo.png 200w, https:\/\/artheodoc.fr\/wp-content\/uploads\/2024\/04\/OBS_Studio_Logo-150x150.png 150w\" sizes=\"auto, (max-width: 200px) 100vw, 200px\" \/><\/figure>\n<\/div>\n<\/div>\n","protected":false},"excerpt":{"rendered":"<p>Linux La page consacr\u00e9e \u00e0 Linux, au Shell Bash, \u00e0 Debian, Linux Mint et Alpine Linux. Linux Serveur WEB Apache et Nginx Fichiers, logs et dossiers ainsi que les commandes utiles du serveur WEB Apache. H\u00f4te virtuel bas\u00e9 sur le num\u00e9ro de port. Serveur WEB Nginx : Serveur WEB Apache et Nginx Installation des serveurs [&hellip;]<\/p>\n","protected":false},"author":2,"featured_media":0,"parent":0,"menu_order":0,"comment_status":"closed","ping_status":"closed","template":"","meta":{"site-sidebar-layout":"default","site-content-layout":"","ast-site-content-layout":"default","site-content-style":"default","site-sidebar-style":"default","ast-global-header-display":"","ast-banner-title-visibility":"","ast-main-header-display":"","ast-hfb-above-header-display":"","ast-hfb-below-header-display":"","ast-hfb-mobile-header-display":"","site-post-title":"","ast-breadcrumbs-content":"","ast-featured-img":"","footer-sml-layout":"","ast-disable-related-posts":"","theme-transparent-header-meta":"","adv-header-id-meta":"","stick-header-meta":"","header-above-stick-meta":"","header-main-stick-meta":"","header-below-stick-meta":"","astra-migrate-meta-layouts":"default","ast-page-background-enabled":"default","ast-page-background-meta":{"desktop":{"background-color":"var(--ast-global-color-4)","background-image":"","background-repeat":"repeat","background-position":"center center","background-size":"auto","background-attachment":"scroll","background-type":"","background-media":"","overlay-type":"","overlay-color":"","overlay-opacity":"","overlay-gradient":""},"tablet":{"background-color":"","background-image":"","background-repeat":"repeat","background-position":"center center","background-size":"auto","background-attachment":"scroll","background-type":"","background-media":"","overlay-type":"","overlay-color":"","overlay-opacity":"","overlay-gradient":""},"mobile":{"background-color":"","background-image":"","background-repeat":"repeat","background-position":"center center","background-size":"auto","background-attachment":"scroll","background-type":"","background-media":"","overlay-type":"","overlay-color":"","overlay-opacity":"","overlay-gradient":""}},"ast-content-background-meta":{"desktop":{"background-color":"var(--ast-global-color-5)","background-image":"","background-repeat":"repeat","background-position":"center center","background-size":"auto","background-attachment":"scroll","background-type":"","background-media":"","overlay-type":"","overlay-color":"","overlay-opacity":"","overlay-gradient":""},"tablet":{"background-color":"var(--ast-global-color-5)","background-image":"","background-repeat":"repeat","background-position":"center center","background-size":"auto","background-attachment":"scroll","background-type":"","background-media":"","overlay-type":"","overlay-color":"","overlay-opacity":"","overlay-gradient":""},"mobile":{"background-color":"var(--ast-global-color-5)","background-image":"","background-repeat":"repeat","background-position":"center center","background-size":"auto","background-attachment":"scroll","background-type":"","background-media":"","overlay-type":"","overlay-color":"","overlay-opacity":"","overlay-gradient":""}},"footnotes":""},"class_list":["post-2889","page","type-page","status-publish","hentry"],"_links":{"self":[{"href":"https:\/\/artheodoc.fr\/index.php\/wp-json\/wp\/v2\/pages\/2889","targetHints":{"allow":["GET"]}}],"collection":[{"href":"https:\/\/artheodoc.fr\/index.php\/wp-json\/wp\/v2\/pages"}],"about":[{"href":"https:\/\/artheodoc.fr\/index.php\/wp-json\/wp\/v2\/types\/page"}],"author":[{"embeddable":true,"href":"https:\/\/artheodoc.fr\/index.php\/wp-json\/wp\/v2\/users\/2"}],"replies":[{"embeddable":true,"href":"https:\/\/artheodoc.fr\/index.php\/wp-json\/wp\/v2\/comments?post=2889"}],"version-history":[{"count":1,"href":"https:\/\/artheodoc.fr\/index.php\/wp-json\/wp\/v2\/pages\/2889\/revisions"}],"predecessor-version":[{"id":2890,"href":"https:\/\/artheodoc.fr\/index.php\/wp-json\/wp\/v2\/pages\/2889\/revisions\/2890"}],"wp:attachment":[{"href":"https:\/\/artheodoc.fr\/index.php\/wp-json\/wp\/v2\/media?parent=2889"}],"curies":[{"name":"wp","href":"https:\/\/api.w.org\/{rel}","templated":true}]}}