{"id":549,"date":"2024-02-22T10:09:10","date_gmt":"2024-02-22T09:09:10","guid":{"rendered":"https:\/\/artheodoc.fr\/?page_id=549"},"modified":"2026-03-29T18:52:37","modified_gmt":"2026-03-29T16:52:37","slug":"a-propos","status":"publish","type":"page","link":"https:\/\/artheodoc.fr\/index.php\/a-propos\/","title":{"rendered":"\u00c0 propos"},"content":{"rendered":"\n<div class=\"wp-block-columns is-layout-flex wp-container-core-columns-is-layout-28f84493 wp-block-columns-is-layout-flex\">\n<div class=\"wp-block-column is-layout-flow wp-block-column-is-layout-flow\" style=\"flex-basis:33.33%\">\n<figure class=\"wp-block-image aligncenter size-full\"><img loading=\"lazy\" decoding=\"async\" width=\"300\" height=\"300\" src=\"https:\/\/artheodoc.fr\/wp-content\/uploads\/2024\/03\/Artheodoc_logo_Copilot.jpeg\" alt=\"\" class=\"wp-image-607\" srcset=\"https:\/\/artheodoc.fr\/wp-content\/uploads\/2024\/03\/Artheodoc_logo_Copilot.jpeg 300w, https:\/\/artheodoc.fr\/wp-content\/uploads\/2024\/03\/Artheodoc_logo_Copilot-150x150.jpeg 150w\" sizes=\"auto, (max-width: 300px) 100vw, 300px\" \/><\/figure>\n<\/div>\n\n\n\n<div class=\"wp-block-column is-layout-flow wp-block-column-is-layout-flow\" style=\"flex-basis:66.66%\">\n<p>Je suis Dominique Renaudeau, l&rsquo;auteur des sites web artheodoc.fr et artheodoc.wordpress.com, o\u00f9 je partage mes connaissances et mon exp\u00e9rience dans le domaine de l&rsquo;informatique et des technologies web. Passionn\u00e9 par la technologie, je propose des tutoriels, des astuces et des supports de cours sur divers sujets tels que l&rsquo;installation de serveurs web, l&rsquo;utilisation de WordPress, la configuration de r\u00e9seaux, et bien plus encore.<\/p>\n\n\n\n<p>Sur mon site artheodoc.fr, je mets \u00e0 disposition gratuitement des ressources p\u00e9dagogiques d\u00e9taill\u00e9es, couvrant des th\u00e8mes comme la cr\u00e9ation de sites web avec WordPress, la gestion de phototh\u00e8ques avec Piwigo, l&rsquo;installation de wikis avec MediaWiki, et l&rsquo;h\u00e9bergement de fichiers avec Nextcloud. Je partage \u00e9galement mes exp\u00e9riences avec des outils comme Proxmox, pfSense, et Apache, offrant ainsi des informations pour les amateurs et les professionnels de l&rsquo;informatique.<\/p>\n<\/div>\n<\/div>\n\n\n\n<p>Je suis \u00e9galement pr\u00e9sent sur mon blog <a href=\"https:\/\/artheodoc.wordpress.com\/\" target=\"_blank\" rel=\"noreferrer noopener\">artheodoc.wordpress.com<\/a>, o\u00f9 vous pouvez retrouver des sujets vari\u00e9s, allant de la configuration de navigateurs web \u00e0 l\u2019utilisation de solutions open source pour les visioconf\u00e9rences. Mes \u00e9crits refl\u00e8tent mon engagement \u00e0 rendre la technologie accessible \u00e0 tous, en fournissant des explications claires et des guides pratiques.<\/p>\n\n\n\n<p class=\"has-pale-ocean-gradient-background has-background\">Actuellement, je m\u2019occupe de l\u2019installation et de l\u2019administration des serveurs pour l\u2019association M\u00e9moire Vive ainsi que la gestion du <a href=\"http:\/\/memoirevive79informatique.com\/\" data-type=\"link\" data-id=\"http:\/\/memoirevive79informatique.com\/\" target=\"_blank\" rel=\"noreferrer noopener\">site WEB<\/a>. Je fais un peu de programmation en langage Python et je r\u00e9dige la documentation. je r\u00e9alise \u00e9galement des <a href=\"https:\/\/artheodoc.fr\/index.php\/mes-supports-de-cours\/\" data-type=\"page\" data-id=\"875\" target=\"_blank\" rel=\"noreferrer noopener\">supports de cours<\/a> qui peuvent \u00eatre utilis\u00e9s lors de <a href=\"https:\/\/artheodoc.fr\/index.php\/obs-studio\/\" data-type=\"page\" data-id=\"708\" target=\"_blank\" rel=\"noreferrer noopener\">visios<\/a>.<\/p>\n\n\n\n<p class=\"has-text-align-right\">Dominique Renaudeau<\/p>\n\n\n\n<div class=\"wp-block-columns has-background is-layout-flex wp-container-core-columns-is-layout-28f84493 wp-block-columns-is-layout-flex\" style=\"background:linear-gradient(135deg,rgb(214,222,225) 0%,rgb(177,218,242) 100%)\">\n<div class=\"wp-block-column is-layout-flow wp-block-column-is-layout-flow\" style=\"flex-basis:33.33%\">\n<ul class=\"wp-block-social-links is-content-justification-right is-layout-flex wp-container-core-social-links-is-layout-d445cf74 wp-block-social-links-is-layout-flex\"><li class=\"wp-social-link wp-social-link-facebook  wp-block-social-link\"><a href=\"https:\/\/www.facebook.com\/profile.php?id=61573704639962\" class=\"wp-block-social-link-anchor\"><svg width=\"24\" height=\"24\" viewBox=\"0 0 24 24\" version=\"1.1\" xmlns=\"http:\/\/www.w3.org\/2000\/svg\" aria-hidden=\"true\" focusable=\"false\"><path d=\"M12 2C6.5 2 2 6.5 2 12c0 5 3.7 9.1 8.4 9.9v-7H7.9V12h2.5V9.8c0-2.5 1.5-3.9 3.8-3.9 1.1 0 2.2.2 2.2.2v2.5h-1.3c-1.2 0-1.6.8-1.6 1.6V12h2.8l-.4 2.9h-2.3v7C18.3 21.1 22 17 22 12c0-5.5-4.5-10-10-10z\"><\/path><\/svg><span class=\"wp-block-social-link-label screen-reader-text\">Facebook<\/span><\/a><\/li>\n\n<li class=\"wp-social-link wp-social-link-youtube  wp-block-social-link\"><a href=\"https:\/\/youtube.com\/@dominiquerenaudeau?si=euSqST89Elmq8Kc-\" class=\"wp-block-social-link-anchor\"><svg width=\"24\" height=\"24\" viewBox=\"0 0 24 24\" version=\"1.1\" xmlns=\"http:\/\/www.w3.org\/2000\/svg\" aria-hidden=\"true\" focusable=\"false\"><path d=\"M21.8,8.001c0,0-0.195-1.378-0.795-1.985c-0.76-0.797-1.613-0.801-2.004-0.847c-2.799-0.202-6.997-0.202-6.997-0.202 h-0.009c0,0-4.198,0-6.997,0.202C4.608,5.216,3.756,5.22,2.995,6.016C2.395,6.623,2.2,8.001,2.2,8.001S2,9.62,2,11.238v1.517 c0,1.618,0.2,3.237,0.2,3.237s0.195,1.378,0.795,1.985c0.761,0.797,1.76,0.771,2.205,0.855c1.6,0.153,6.8,0.201,6.8,0.201 s4.203-0.006,7.001-0.209c0.391-0.047,1.243-0.051,2.004-0.847c0.6-0.607,0.795-1.985,0.795-1.985s0.2-1.618,0.2-3.237v-1.517 C22,9.62,21.8,8.001,21.8,8.001z M9.935,14.594l-0.001-5.62l5.404,2.82L9.935,14.594z\"><\/path><\/svg><span class=\"wp-block-social-link-label screen-reader-text\">YouTube<\/span><\/a><\/li><\/ul>\n<\/div>\n\n\n\n<div class=\"wp-block-column is-layout-flow wp-block-column-is-layout-flow\" style=\"flex-basis:66.66%\">\n<figure class=\"wp-block-image size-full\"><img loading=\"lazy\" decoding=\"async\" width=\"631\" height=\"58\" src=\"https:\/\/artheodoc.fr\/wp-content\/uploads\/2025\/03\/Vous_pouvez_me_suivre_sur_facebook_.png\" alt=\"\" class=\"wp-image-1897\" srcset=\"https:\/\/artheodoc.fr\/wp-content\/uploads\/2025\/03\/Vous_pouvez_me_suivre_sur_facebook_.png 631w, https:\/\/artheodoc.fr\/wp-content\/uploads\/2025\/03\/Vous_pouvez_me_suivre_sur_facebook_-300x28.png 300w\" sizes=\"auto, (max-width: 631px) 100vw, 631px\" \/><\/figure>\n<\/div>\n<\/div>\n\n\n\n<figure class=\"wp-block-image alignright size-full\"><img loading=\"lazy\" decoding=\"async\" width=\"722\" height=\"58\" src=\"https:\/\/artheodoc.fr\/wp-content\/uploads\/2024\/09\/Email-artheodoc-fr.png\" alt=\"\" class=\"wp-image-1182\" srcset=\"https:\/\/artheodoc.fr\/wp-content\/uploads\/2024\/09\/Email-artheodoc-fr.png 722w, https:\/\/artheodoc.fr\/wp-content\/uploads\/2024\/09\/Email-artheodoc-fr-300x24.png 300w\" sizes=\"auto, (max-width: 722px) 100vw, 722px\" \/><\/figure>\n\n\n\n<p><\/p>\n","protected":false},"excerpt":{"rendered":"<p>Je suis Dominique Renaudeau, l&rsquo;auteur des sites web artheodoc.fr et artheodoc.wordpress.com, o\u00f9 je partage mes connaissances et mon exp\u00e9rience dans le domaine de l&rsquo;informatique et des technologies web. Passionn\u00e9 par la technologie, je propose des tutoriels, des astuces et des supports de cours sur divers sujets tels que l&rsquo;installation de serveurs web, l&rsquo;utilisation de WordPress, [&hellip;]<\/p>\n","protected":false},"author":2,"featured_media":0,"parent":0,"menu_order":0,"comment_status":"closed","ping_status":"closed","template":"","meta":{"site-sidebar-layout":"default","site-content-layout":"","ast-site-content-layout":"default","site-content-style":"default","site-sidebar-style":"default","ast-global-header-display":"","ast-banner-title-visibility":"","ast-main-header-display":"","ast-hfb-above-header-display":"","ast-hfb-below-header-display":"","ast-hfb-mobile-header-display":"","site-post-title":"","ast-breadcrumbs-content":"","ast-featured-img":"","footer-sml-layout":"","ast-disable-related-posts":"","theme-transparent-header-meta":"","adv-header-id-meta":"","stick-header-meta":"","header-above-stick-meta":"","header-main-stick-meta":"","header-below-stick-meta":"","astra-migrate-meta-layouts":"default","ast-page-background-enabled":"default","ast-page-background-meta":{"desktop":{"background-color":"var(--ast-global-color-4)","background-image":"","background-repeat":"repeat","background-position":"center center","background-size":"auto","background-attachment":"scroll","background-type":"","background-media":"","overlay-type":"","overlay-color":"","overlay-opacity":"","overlay-gradient":""},"tablet":{"background-color":"","background-image":"","background-repeat":"repeat","background-position":"center center","background-size":"auto","background-attachment":"scroll","background-type":"","background-media":"","overlay-type":"","overlay-color":"","overlay-opacity":"","overlay-gradient":""},"mobile":{"background-color":"","background-image":"","background-repeat":"repeat","background-position":"center center","background-size":"auto","background-attachment":"scroll","background-type":"","background-media":"","overlay-type":"","overlay-color":"","overlay-opacity":"","overlay-gradient":""}},"ast-content-background-meta":{"desktop":{"background-color":"var(--ast-global-color-5)","background-image":"","background-repeat":"repeat","background-position":"center center","background-size":"auto","background-attachment":"scroll","background-type":"","background-media":"","overlay-type":"","overlay-color":"","overlay-opacity":"","overlay-gradient":""},"tablet":{"background-color":"var(--ast-global-color-5)","background-image":"","background-repeat":"repeat","background-position":"center center","background-size":"auto","background-attachment":"scroll","background-type":"","background-media":"","overlay-type":"","overlay-color":"","overlay-opacity":"","overlay-gradient":""},"mobile":{"background-color":"var(--ast-global-color-5)","background-image":"","background-repeat":"repeat","background-position":"center center","background-size":"auto","background-attachment":"scroll","background-type":"","background-media":"","overlay-type":"","overlay-color":"","overlay-opacity":"","overlay-gradient":""}},"footnotes":""},"class_list":["post-549","page","type-page","status-publish","hentry"],"_links":{"self":[{"href":"https:\/\/artheodoc.fr\/index.php\/wp-json\/wp\/v2\/pages\/549","targetHints":{"allow":["GET"]}}],"collection":[{"href":"https:\/\/artheodoc.fr\/index.php\/wp-json\/wp\/v2\/pages"}],"about":[{"href":"https:\/\/artheodoc.fr\/index.php\/wp-json\/wp\/v2\/types\/page"}],"author":[{"embeddable":true,"href":"https:\/\/artheodoc.fr\/index.php\/wp-json\/wp\/v2\/users\/2"}],"replies":[{"embeddable":true,"href":"https:\/\/artheodoc.fr\/index.php\/wp-json\/wp\/v2\/comments?post=549"}],"version-history":[{"count":16,"href":"https:\/\/artheodoc.fr\/index.php\/wp-json\/wp\/v2\/pages\/549\/revisions"}],"predecessor-version":[{"id":2968,"href":"https:\/\/artheodoc.fr\/index.php\/wp-json\/wp\/v2\/pages\/549\/revisions\/2968"}],"wp:attachment":[{"href":"https:\/\/artheodoc.fr\/index.php\/wp-json\/wp\/v2\/media?parent=549"}],"curies":[{"name":"wp","href":"https:\/\/api.w.org\/{rel}","templated":true}]}}